{"id":8440,"date":"2024-04-05T21:15:56","date_gmt":"2024-04-05T19:15:56","guid":{"rendered":"https:\/\/studioeditori.com\/mdrus_new\/?page_id=8440"},"modified":"2024-11-28T18:21:58","modified_gmt":"2024-11-28T17:21:58","slug":"donacije","status":"publish","type":"page","link":"https:\/\/studioeditori.com\/mdrus_new\/donacije\/","title":{"rendered":"Donacije"},"content":{"rendered":"\t\t<div data-elementor-type=\"wp-page\" data-elementor-id=\"8440\" class=\"elementor elementor-8440\" data-elementor-post-type=\"page\">\n\t\t\t\t<div class=\"elementor-element elementor-element-857f1ce e-flex e-con-boxed e-con e-parent\" data-id=\"857f1ce\" data-element_type=\"container\" data-settings=\"{&quot;background_background&quot;:&quot;classic&quot;,&quot;jet_parallax_layout_list&quot;:[]}\">\n\t\t\t\t\t<div class=\"e-con-inner\">\n\t\t<div class=\"elementor-element elementor-element-6b1c908 e-con-full e-flex e-con e-child\" data-id=\"6b1c908\" data-element_type=\"container\" data-settings=\"{&quot;jet_parallax_layout_list&quot;:[]}\">\n\t\t\t\t<\/div>\n\t\t\t\t\t<\/div>\n\t\t\t\t<\/div>\n\t\t<div class=\"elementor-element elementor-element-a26cb0f e-flex e-con-boxed e-con e-parent\" data-id=\"a26cb0f\" data-element_type=\"container\" data-settings=\"{&quot;background_background&quot;:&quot;classic&quot;,&quot;jet_parallax_layout_list&quot;:[]}\">\n\t\t\t\t\t<div class=\"e-con-inner\">\n\t\t<div class=\"elementor-element elementor-element-7fdac53 e-con-full e-flex e-con e-child\" data-id=\"7fdac53\" data-element_type=\"container\" data-settings=\"{&quot;jet_parallax_layout_list&quot;:[]}\">\n\t\t<div class=\"elementor-element elementor-element-022df1b e-con-full e-flex e-con e-child\" data-id=\"022df1b\" data-element_type=\"container\" data-settings=\"{&quot;jet_parallax_layout_list&quot;:[]}\">\n\t\t<div class=\"elementor-element elementor-element-e222ab3 e-con-full e-flex e-con e-child\" data-id=\"e222ab3\" data-element_type=\"container\" data-settings=\"{&quot;jet_parallax_layout_list&quot;:[]}\">\n\t\t\t\t<div class=\"elementor-element elementor-element-e73448f elementor-widget elementor-widget-heading\" data-id=\"e73448f\" data-element_type=\"widget\" data-widget_type=\"heading.default\">\n\t\t\t\t<div class=\"elementor-widget-container\">\n\t\t\t<span class=\"elementor-heading-title elementor-size-default\">Muzej Domovinskog rata u Splitu<\/span>\t\t<\/div>\n\t\t\t\t<\/div>\n\t\t\t\t<div class=\"elementor-element elementor-element-d588650 elementor-widget elementor-widget-heading\" data-id=\"d588650\" data-element_type=\"widget\" data-widget_type=\"heading.default\">\n\t\t\t\t<div class=\"elementor-widget-container\">\n\t\t\t<h2 class=\"elementor-heading-title elementor-size-default\">Za\u0161to donirati?<\/h2>\t\t<\/div>\n\t\t\t\t<\/div>\n\t\t\t\t<div class=\"elementor-element elementor-element-04f85bc lista elementor-widget elementor-widget-text-editor\" data-id=\"04f85bc\" data-element_type=\"widget\" data-widget_type=\"text-editor.default\">\n\t\t\t\t<div class=\"elementor-widget-container\">\n\t\t\t\t\t\t\t<p>Donacije su jako va\u017ene muzejskim ustanovama, a posebice na\u0161em muzeju koji je relativno mlad i jo\u0161 uvijek radi na stvaranju reprezentativnog fundusa. Putem donacija oboga\u0107uje se muzejski fundus i \u0161ire se muzejske zbirke, no isto tako se kulturolo\u0161ki i spoznajno oboga\u0107uje cijela zajednica. Zbog toga je iznimno va\u017eno institucionalno \u010duvati predmete koji nam svjedo\u010de o jednom vremenu ili doga\u0111aju, u na\u0161em slu\u010daju o Domovinskom ratu, temelju na\u0161e dr\u017eavnosti.<\/p><p><strong>Samo neki od razloga su:<\/strong><\/p><ul><li>stru\u010dna i adekvatna za\u0161tita i nadzor<\/li><li>primjeren smje\u0161taj<\/li><li>stru\u010dna obrada i analiza<\/li><li>dostupnost za stru\u010dnu javnost u svrhu istra\u017eivanja i prou\u010davanja<\/li><li>prezentiranje predmeta \u0161iroj javnosti<\/li><li>predmet postaje kulturno dobro<\/li><li>sigurnost predmeta<\/li><\/ul>\t\t\t\t\t\t<\/div>\n\t\t\t\t<\/div>\n\t\t\t\t<\/div>\n\t\t\t\t<\/div>\n\t\t\t\t<\/div>\n\t\t\t\t\t<\/div>\n\t\t\t\t<\/div>\n\t\t<div class=\"elementor-element elementor-element-cf317e5 e-flex e-con-boxed e-con e-parent\" data-id=\"cf317e5\" data-element_type=\"container\" data-settings=\"{&quot;jet_parallax_layout_list&quot;:[]}\">\n\t\t\t\t\t<div class=\"e-con-inner\">\n\t\t<div class=\"elementor-element elementor-element-fd33b06 e-con-full e-flex e-con e-child\" data-id=\"fd33b06\" data-element_type=\"container\" data-settings=\"{&quot;jet_parallax_layout_list&quot;:[]}\">\n\t\t\t\t<div class=\"elementor-element elementor-element-40d76ce elementor-widget elementor-widget-gallery\" data-id=\"40d76ce\" data-element_type=\"widget\" data-settings=\"{&quot;gallery_layout&quot;:&quot;masonry&quot;,&quot;columns&quot;:2,&quot;lazyload&quot;:&quot;yes&quot;,&quot;columns_tablet&quot;:2,&quot;columns_mobile&quot;:1,&quot;gap&quot;:{&quot;unit&quot;:&quot;px&quot;,&quot;size&quot;:10,&quot;sizes&quot;:[]},&quot;gap_tablet&quot;:{&quot;unit&quot;:&quot;px&quot;,&quot;size&quot;:10,&quot;sizes&quot;:[]},&quot;gap_mobile&quot;:{&quot;unit&quot;:&quot;px&quot;,&quot;size&quot;:10,&quot;sizes&quot;:[]},&quot;link_to&quot;:&quot;file&quot;,&quot;overlay_background&quot;:&quot;yes&quot;,&quot;content_hover_animation&quot;:&quot;fade-in&quot;}\" data-widget_type=\"gallery.default\">\n\t\t\t\t<div class=\"elementor-widget-container\">\n\t\t\t\t\t<div class=\"elementor-gallery__container\">\n\t\t\t\t\t\t\t<a class=\"e-gallery-item elementor-gallery-item elementor-animated-content\" href=\"https:\/\/studioeditori.com\/mdrus_new\/wp-content\/uploads\/2024\/06\/muzej_domovinskog_rata5-271221.jpg\" data-elementor-open-lightbox=\"yes\" data-elementor-lightbox-slideshow=\"40d76ce\" data-elementor-lightbox-title=\"Split, 21.11.21. - Muzej Domovinskog rata , ksponati za izlozbu\" data-e-action-hash=\"#elementor-action%3Aaction%3Dlightbox%26settings%3DeyJpZCI6OTYzNywidXJsIjoiaHR0cHM6XC9cL3N0dWRpb2VkaXRvcmkuY29tXC9tZHJ1c19uZXdcL3dwLWNvbnRlbnRcL3VwbG9hZHNcLzIwMjRcLzA2XC9tdXplal9kb21vdmluc2tvZ19yYXRhNS0yNzEyMjEuanBnIiwic2xpZGVzaG93IjoiNDBkNzZjZSJ9\">\n\t\t\t\t\t<div class=\"e-gallery-image elementor-gallery-item__image\" data-thumbnail=\"https:\/\/studioeditori.com\/mdrus_new\/wp-content\/uploads\/2024\/06\/muzej_domovinskog_rata5-271221-300x211.jpg\" data-width=\"300\" data-height=\"211\" aria-label=\"\" role=\"img\" ><\/div>\n\t\t\t\t\t\t\t\t\t\t\t<div class=\"elementor-gallery-item__overlay\"><\/div>\n\t\t\t\t\t\t\t\t\t\t\t\t\t\t<\/a>\n\t\t\t\t\t\t\t<a class=\"e-gallery-item elementor-gallery-item elementor-animated-content\" href=\"https:\/\/studioeditori.com\/mdrus_new\/wp-content\/uploads\/2024\/06\/muzej_domovinskog_rata32-021221.jpg\" data-elementor-open-lightbox=\"yes\" data-elementor-lightbox-slideshow=\"40d76ce\" data-elementor-lightbox-title=\"Split, 16.11.2021 - Muzej Domovinskog rata Split- eksponati za izlozbu\" data-e-action-hash=\"#elementor-action%3Aaction%3Dlightbox%26settings%3DeyJpZCI6OTYzOCwidXJsIjoiaHR0cHM6XC9cL3N0dWRpb2VkaXRvcmkuY29tXC9tZHJ1c19uZXdcL3dwLWNvbnRlbnRcL3VwbG9hZHNcLzIwMjRcLzA2XC9tdXplal9kb21vdmluc2tvZ19yYXRhMzItMDIxMjIxLmpwZyIsInNsaWRlc2hvdyI6IjQwZDc2Y2UifQ%3D%3D\">\n\t\t\t\t\t<div class=\"e-gallery-image elementor-gallery-item__image\" data-thumbnail=\"https:\/\/studioeditori.com\/mdrus_new\/wp-content\/uploads\/2024\/06\/muzej_domovinskog_rata32-021221-300x199.jpg\" data-width=\"300\" data-height=\"199\" aria-label=\"\" role=\"img\" ><\/div>\n\t\t\t\t\t\t\t\t\t\t\t<div class=\"elementor-gallery-item__overlay\"><\/div>\n\t\t\t\t\t\t\t\t\t\t\t\t\t\t<\/a>\n\t\t\t\t\t\t\t<a class=\"e-gallery-item elementor-gallery-item elementor-animated-content\" href=\"https:\/\/studioeditori.com\/mdrus_new\/wp-content\/uploads\/2024\/06\/muzej_domovinskog_rata45-271221-\u2013-kopija.jpg\" data-elementor-open-lightbox=\"yes\" data-elementor-lightbox-slideshow=\"40d76ce\" data-elementor-lightbox-title=\"Split, 21.11.21. - Muzej Domovinskog rata , ksponati za izlozbu\" data-e-action-hash=\"#elementor-action%3Aaction%3Dlightbox%26settings%3DeyJpZCI6OTYzOSwidXJsIjoiaHR0cHM6XC9cL3N0dWRpb2VkaXRvcmkuY29tXC9tZHJ1c19uZXdcL3dwLWNvbnRlbnRcL3VwbG9hZHNcLzIwMjRcLzA2XC9tdXplal9kb21vdmluc2tvZ19yYXRhNDUtMjcxMjIxLVx1MjAxMy1rb3BpamEuanBnIiwic2xpZGVzaG93IjoiNDBkNzZjZSJ9\">\n\t\t\t\t\t<div class=\"e-gallery-image elementor-gallery-item__image\" data-thumbnail=\"https:\/\/studioeditori.com\/mdrus_new\/wp-content\/uploads\/2024\/06\/muzej_domovinskog_rata45-271221-\u2013-kopija-300x200.jpg\" data-width=\"300\" data-height=\"200\" aria-label=\"\" role=\"img\" ><\/div>\n\t\t\t\t\t\t\t\t\t\t\t<div class=\"elementor-gallery-item__overlay\"><\/div>\n\t\t\t\t\t\t\t\t\t\t\t\t\t\t<\/a>\n\t\t\t\t\t\t\t<a class=\"e-gallery-item elementor-gallery-item elementor-animated-content\" href=\"https:\/\/studioeditori.com\/mdrus_new\/wp-content\/uploads\/2024\/06\/muzej_domovinskog_rata50-271221.jpg\" data-elementor-open-lightbox=\"yes\" data-elementor-lightbox-slideshow=\"40d76ce\" data-elementor-lightbox-title=\"Split, 21.11.21. - Muzej Domovinskog rata , ksponati za izlozbu\" data-e-action-hash=\"#elementor-action%3Aaction%3Dlightbox%26settings%3DeyJpZCI6OTY0MCwidXJsIjoiaHR0cHM6XC9cL3N0dWRpb2VkaXRvcmkuY29tXC9tZHJ1c19uZXdcL3dwLWNvbnRlbnRcL3VwbG9hZHNcLzIwMjRcLzA2XC9tdXplal9kb21vdmluc2tvZ19yYXRhNTAtMjcxMjIxLmpwZyIsInNsaWRlc2hvdyI6IjQwZDc2Y2UifQ%3D%3D\">\n\t\t\t\t\t<div class=\"e-gallery-image elementor-gallery-item__image\" data-thumbnail=\"https:\/\/studioeditori.com\/mdrus_new\/wp-content\/uploads\/2024\/06\/muzej_domovinskog_rata50-271221-300x200.jpg\" data-width=\"300\" data-height=\"200\" aria-label=\"\" role=\"img\" ><\/div>\n\t\t\t\t\t\t\t\t\t\t\t<div class=\"elementor-gallery-item__overlay\"><\/div>\n\t\t\t\t\t\t\t\t\t\t\t\t\t\t<\/a>\n\t\t\t\t\t\t\t<a class=\"e-gallery-item elementor-gallery-item elementor-animated-content\" href=\"https:\/\/studioeditori.com\/mdrus_new\/wp-content\/uploads\/2024\/06\/muzej_domovinskog_rata7-271221.jpg\" data-elementor-open-lightbox=\"yes\" data-elementor-lightbox-slideshow=\"40d76ce\" data-elementor-lightbox-title=\"Split, 21.11.21. - Muzej Domovinskog rata , ksponati za izlozbu\" data-e-action-hash=\"#elementor-action%3Aaction%3Dlightbox%26settings%3DeyJpZCI6OTY0MiwidXJsIjoiaHR0cHM6XC9cL3N0dWRpb2VkaXRvcmkuY29tXC9tZHJ1c19uZXdcL3dwLWNvbnRlbnRcL3VwbG9hZHNcLzIwMjRcLzA2XC9tdXplal9kb21vdmluc2tvZ19yYXRhNy0yNzEyMjEuanBnIiwic2xpZGVzaG93IjoiNDBkNzZjZSJ9\">\n\t\t\t\t\t<div class=\"e-gallery-image elementor-gallery-item__image\" data-thumbnail=\"https:\/\/studioeditori.com\/mdrus_new\/wp-content\/uploads\/2024\/06\/muzej_domovinskog_rata7-271221-300x210.jpg\" data-width=\"300\" data-height=\"210\" aria-label=\"\" role=\"img\" ><\/div>\n\t\t\t\t\t\t\t\t\t\t\t<div class=\"elementor-gallery-item__overlay\"><\/div>\n\t\t\t\t\t\t\t\t\t\t\t\t\t\t<\/a>\n\t\t\t\t\t\t\t<a class=\"e-gallery-item elementor-gallery-item elementor-animated-content\" href=\"https:\/\/studioeditori.com\/mdrus_new\/wp-content\/uploads\/2024\/06\/muzej_domovinskog_rata11-021221.jpg\" data-elementor-open-lightbox=\"yes\" data-elementor-lightbox-slideshow=\"40d76ce\" data-elementor-lightbox-title=\"muzej_domovinskog_rata11-021221\" data-e-action-hash=\"#elementor-action%3Aaction%3Dlightbox%26settings%3DeyJpZCI6OTY0NCwidXJsIjoiaHR0cHM6XC9cL3N0dWRpb2VkaXRvcmkuY29tXC9tZHJ1c19uZXdcL3dwLWNvbnRlbnRcL3VwbG9hZHNcLzIwMjRcLzA2XC9tdXplal9kb21vdmluc2tvZ19yYXRhMTEtMDIxMjIxLmpwZyIsInNsaWRlc2hvdyI6IjQwZDc2Y2UifQ%3D%3D\">\n\t\t\t\t\t<div class=\"e-gallery-image elementor-gallery-item__image\" data-thumbnail=\"https:\/\/studioeditori.com\/mdrus_new\/wp-content\/uploads\/2024\/06\/muzej_domovinskog_rata11-021221-204x300.jpg\" data-width=\"204\" data-height=\"300\" aria-label=\"\" role=\"img\" ><\/div>\n\t\t\t\t\t\t\t\t\t\t\t<div class=\"elementor-gallery-item__overlay\"><\/div>\n\t\t\t\t\t\t\t\t\t\t\t\t\t\t<\/a>\n\t\t\t\t\t\t\t<a class=\"e-gallery-item elementor-gallery-item elementor-animated-content\" href=\"https:\/\/studioeditori.com\/mdrus_new\/wp-content\/uploads\/2024\/06\/muzej_domovinskog_rata21-271221.jpg\" data-elementor-open-lightbox=\"yes\" data-elementor-lightbox-slideshow=\"40d76ce\" data-elementor-lightbox-title=\"Split, 21.11.21. - Muzej Domovinskog rata , ksponati za izlozbu\" data-e-action-hash=\"#elementor-action%3Aaction%3Dlightbox%26settings%3DeyJpZCI6OTY0NywidXJsIjoiaHR0cHM6XC9cL3N0dWRpb2VkaXRvcmkuY29tXC9tZHJ1c19uZXdcL3dwLWNvbnRlbnRcL3VwbG9hZHNcLzIwMjRcLzA2XC9tdXplal9kb21vdmluc2tvZ19yYXRhMjEtMjcxMjIxLmpwZyIsInNsaWRlc2hvdyI6IjQwZDc2Y2UifQ%3D%3D\">\n\t\t\t\t\t<div class=\"e-gallery-image elementor-gallery-item__image\" data-thumbnail=\"https:\/\/studioeditori.com\/mdrus_new\/wp-content\/uploads\/2024\/06\/muzej_domovinskog_rata21-271221-300x196.jpg\" data-width=\"300\" data-height=\"196\" aria-label=\"\" role=\"img\" ><\/div>\n\t\t\t\t\t\t\t\t\t\t\t<div class=\"elementor-gallery-item__overlay\"><\/div>\n\t\t\t\t\t\t\t\t\t\t\t\t\t\t<\/a>\n\t\t\t\t\t<\/div>\n\t\t\t<\/div>\n\t\t\t\t<\/div>\n\t\t\t\t<\/div>\n\t\t<div class=\"elementor-element elementor-element-e1637eb e-con-full e-flex e-con e-child\" data-id=\"e1637eb\" data-element_type=\"container\" data-settings=\"{&quot;jet_parallax_layout_list&quot;:[]}\">\n\t\t\t\t<div class=\"elementor-element elementor-element-d6a0d61 elementor-widget elementor-widget-heading\" data-id=\"d6a0d61\" data-element_type=\"widget\" data-widget_type=\"heading.default\">\n\t\t\t\t<div class=\"elementor-widget-container\">\n\t\t\t<h4 class=\"elementor-heading-title elementor-size-default\">\u0160to donirati?\n<\/h4>\t\t<\/div>\n\t\t\t\t<\/div>\n\t\t\t\t<div class=\"elementor-element elementor-element-55ae05e lista elementor-widget elementor-widget-text-editor\" data-id=\"55ae05e\" data-element_type=\"widget\" data-widget_type=\"text-editor.default\">\n\t\t\t\t<div class=\"elementor-widget-container\">\n\t\t\t\t\t\t\t<ul><li>vojne odore ili dijelove odora Hrvatske vojske, odore agresora:\u00a0JNA, Srpska vojska Krajine (SVK),\u00a0Vojska Republike Srpske (VRS), Vojska\u00a0Jugoslavije<\/li><li>militariju (oznake postrojbi, oznake \u010dinova, odlikovanja i priznanja, plakete, medalje,\u00a0grbovi, zastave, vojni trofeji i sli\u010dno)<\/li><li>vojnu opremu ili dijelovi vojne opreme kori\u0161tene tijekom Domovinskog rata<\/li><li>audio i video materijale iz Domovinskog rata<\/li><li>fotografije iz Domovinskog rata<\/li><li>literaturu za muzejsku knji\u017enicu (knjige s temom Domovinskog rata i vojne povijesti)<\/li><li>stru\u010dne publikacije izdavane za vrijeme Domovinskog rata<\/li><li>trofejno i stru\u010dno onesposobljeno oru\u017eje iz Domovinskog rata<\/li><li>sve vezano za politi\u010dki, dru\u0161tveni i kulturni \u017eivot tijekom Domovinskog rata<\/li><\/ul>\t\t\t\t\t\t<\/div>\n\t\t\t\t<\/div>\n\t\t\t\t<div class=\"elementor-element elementor-element-0b75fe7 elementor-widget elementor-widget-heading\" data-id=\"0b75fe7\" data-element_type=\"widget\" data-widget_type=\"heading.default\">\n\t\t\t\t<div class=\"elementor-widget-container\">\n\t\t\t<h4 class=\"elementor-heading-title elementor-size-default\">Ne donirati!<\/h4>\t\t<\/div>\n\t\t\t\t<\/div>\n\t\t\t\t<div class=\"elementor-element elementor-element-e1c492a lista elementor-widget elementor-widget-text-editor\" data-id=\"e1c492a\" data-element_type=\"widget\" data-widget_type=\"text-editor.default\">\n\t\t\t\t<div class=\"elementor-widget-container\">\n\t\t\t\t\t\t\t<ul><li>bilo kakvu bojevu municiju, neeksplodirana minsko-eksplozivna sredstva, bombe, oru\u017eje koje nije onesposobljeno ili sli\u010dno<\/li><\/ul><p>\u00a0<\/p><p>Ako ste u posjedu takvih predmeta, molimo Vas predajte ih u najbli\u017eu policijsku postaju!<\/p>\t\t\t\t\t\t<\/div>\n\t\t\t\t<\/div>\n\t\t\t\t<\/div>\n\t\t\t\t\t<\/div>\n\t\t\t\t<\/div>\n\t\t<div class=\"elementor-element elementor-element-b043f80 e-flex e-con-boxed e-con e-parent\" data-id=\"b043f80\" data-element_type=\"container\" data-settings=\"{&quot;background_background&quot;:&quot;classic&quot;,&quot;jet_parallax_layout_list&quot;:[]}\">\n\t\t\t\t\t<div class=\"e-con-inner\">\n\t\t<div class=\"elementor-element elementor-element-2e3828f e-con-full e-flex e-con e-child\" data-id=\"2e3828f\" data-element_type=\"container\" data-settings=\"{&quot;jet_parallax_layout_list&quot;:[]}\">\n\t\t\t\t<div class=\"elementor-element elementor-element-2666757 bijelo elementor-widget elementor-widget-text-editor\" data-id=\"2666757\" data-element_type=\"widget\" data-widget_type=\"text-editor.default\">\n\t\t\t\t<div class=\"elementor-widget-container\">\n\t\t\t\t\t\t\t<p style=\"text-align: justify;\">Ako \u017eelite donirati, kontaktirajte nas putem e-po\u0161te (adresa: <a style=\"color:#e5ff1d\" href=\"mailto:domovinski@mdrus.info\">domovinski@mdrus.info<\/a>) ili nazovite na <a style=\"color:#e5ff1d\" href=\"tel:+38521665209\">+385 21 665 209<\/a> kako bi dogovorili sastanak u muzejskim prostorijama. Nakon pregleda predmeta, napisati \u0107emo POTVRDU O DONACIJI. Potvrda o donaciji sadr\u017ei podatke: ime i prezime donatora, adresa, OIB, popis doniranih predmeta i izjavu da su donirani predmeti vlasni\u0161tvo donatora te da ih bez naknade donira Muzeju Domovinskog rata u Splitu. Nakon \u0161to ispunimo sve podatke, donator zadr\u017eava jedan primjerak Potvrde, a ustanova dva primjerka. \u010cestitamo, sada ste donator Muzeja!<\/p>\t\t\t\t\t\t<\/div>\n\t\t\t\t<\/div>\n\t\t\t\t<\/div>\n\t\t\t\t\t<\/div>\n\t\t\t\t<\/div>\n\t\t<div class=\"elementor-element elementor-element-8706449 e-flex e-con-boxed e-con e-parent\" data-id=\"8706449\" data-element_type=\"container\" data-settings=\"{&quot;jet_parallax_layout_list&quot;:[]}\">\n\t\t\t\t\t<div class=\"e-con-inner\">\n\t\t\t\t<div class=\"elementor-element elementor-element-9152741 elementor-widget elementor-widget-text-editor\" data-id=\"9152741\" data-element_type=\"widget\" data-widget_type=\"text-editor.default\">\n\t\t\t\t<div class=\"elementor-widget-container\">\n\t\t\t\t\t\t\t<p style=\"text-align: justify;\">Ante Bali\u0107, Ivo Rakulji\u0107 \u201eArafat\u201c, Damir Vladu\u0161i\u0107, \u0106iro Ugrin, Slavko Rogi\u0107, Hrvatski memorijalno-dokumentacijski centar Domovinskog rata, Sr\u0111an \u0160imac, Neven Kati\u0107, Ratomir Kli\u0161ki\u0107, Nada Matija\u0161, \u0110ani Plevan\u010di\u0107, Marko Skejo, Brodosplit, Winton Afri\u0107, Ivica Bubi\u0107, Ivica Najev, Damir Krsti\u010devi\u0107, Pavao Gabrilo, Udruga veterana 141. brigade HV, Stanislav Ivan\u010di\u0107, Luka Vuji\u0107, Mate Viduka, 9. bojna HOS-a Rafael Vitez Boban, Udruga roditelja poginulih branitelja Domovinskog rata grada Splita, Radomir \u0110ur\u0111evi\u0107, Boris Mu\u0161e, Smiljana Miljan, Ljubo Kutle\u0161a, Dragan Mandi\u0107, Ivan Sto\u0161i\u0107 i Neda Palo\u0161ek, Nenad \u017dure, Darijo Ugrin, Damir Radni\u0107, Stanislav Vladu\u0161i\u0107, Jurica \u017ditko Forempoher, Hari Nin\u010devi\u0107, Tomislav Loni\u0107, Muzej vojne i ratne povijesti Pakrac, Andrea Klanac, Gorki Ti\u010dinovi\u0107, Udruga dragovoljaca i branitelja Domovinskog rata 112. brigade HV Zadar, Dra\u017een Pribilovi\u0107, Ivan Pavi\u010di\u0107, Mario Talaji\u0107, Dane Renduli\u0107, Miroslav Vrkljan, Ivana Buri\u0107, Radoslav Juri\u010dev Sudac, Ton\u010di Jelavi\u0107-\u0160ako, Svemir Despotovi\u0107, Ante Lozina, Jacques Nicolai, Danijel Kotlar, Zdravko Banovac, Ante Bani\u0107, Marica Kapetanovi\u0107, Ratomir Vranje\u0161, Eriden Birki\u0107, Zrakoplovna baza Divulje, Ivo Hekman, Jure \u0160undov, Steven Haydock, Udruga hrvatskih dragovoljaca 2. bojne 4. brigade ZNG Sinj \u201eCRO ANGELS\u201c, Jozo Dadi\u0107, Silvije Marjanovi\u0107, Roza Sladojevi\u0107, Michael Misch, Herman Jerman, Marinko Kara\u010di\u0107, Hrvatska udruga Benedikt, Slobodan Batinovi\u0107, Udruga branitelja Samostalne satnije Mirlovi\u0107 polje Vukovi sa Svilaje, Mate \u0106apin, Zoran Brdar, Darija Mladin, Matej Gabrilo, Petra \u0160imi\u0107, Miljenko Modri\u0107, studio AVS Broadcast d.o.o., Tihomir Budanko, Krunoslav Mazalin, Vlasta Filipovi\u0107, Marijana Bakovi\u0107, Ivanka Mami\u0107, Udruga 156. brigade Hrvatske vojske Makarska \u2013 Vrgorac, Policijska uprava Splitsko-dalmatinske \u017eupanije, Viktor Jeromel, \u017deljko Gizdi\u0107, \u017deljko Glasnovi\u0107, Zoran Juri\u0161i\u0107, Brodogra\u0111evna industrija Split d.d., MORH, Damir Bani\u0107<\/p>\t\t\t\t\t\t<\/div>\n\t\t\t\t<\/div>\n\t\t\t\t\t<\/div>\n\t\t\t\t<\/div>\n\t\t\t\t<\/div>\n\t\t","protected":false},"excerpt":{"rendered":"<p>Muzej Domovinskog rata u Splitu Za\u0161to donirati? Donacije su jako va\u017ene muzejskim ustanovama, a posebice na\u0161em muzeju koji je relativno mlad i jo\u0161 uvijek radi na stvaranju reprezentativnog fundusa. Putem donacija oboga\u0107uje se muzejski fundus i \u0161ire se muzejske zbirke, no isto tako se kulturolo\u0161ki i spoznajno oboga\u0107uje cijela zajednica. Zbog toga je iznimno va\u017eno [&hellip;]<\/p>\n","protected":false},"author":1,"featured_media":0,"parent":0,"menu_order":0,"comment_status":"closed","ping_status":"closed","template":"","meta":{"footnotes":""},"class_list":["post-8440","page","type-page","status-publish","hentry"],"_links":{"self":[{"href":"https:\/\/studioeditori.com\/mdrus_new\/wp-json\/wp\/v2\/pages\/8440","targetHints":{"allow":["GET"]}}],"collection":[{"href":"https:\/\/studioeditori.com\/mdrus_new\/wp-json\/wp\/v2\/pages"}],"about":[{"href":"https:\/\/studioeditori.com\/mdrus_new\/wp-json\/wp\/v2\/types\/page"}],"author":[{"embeddable":true,"href":"https:\/\/studioeditori.com\/mdrus_new\/wp-json\/wp\/v2\/users\/1"}],"replies":[{"embeddable":true,"href":"https:\/\/studioeditori.com\/mdrus_new\/wp-json\/wp\/v2\/comments?post=8440"}],"version-history":[{"count":124,"href":"https:\/\/studioeditori.com\/mdrus_new\/wp-json\/wp\/v2\/pages\/8440\/revisions"}],"predecessor-version":[{"id":10993,"href":"https:\/\/studioeditori.com\/mdrus_new\/wp-json\/wp\/v2\/pages\/8440\/revisions\/10993"}],"wp:attachment":[{"href":"https:\/\/studioeditori.com\/mdrus_new\/wp-json\/wp\/v2\/media?parent=8440"}],"curies":[{"name":"wp","href":"https:\/\/api.w.org\/{rel}","templated":true}]}}