{"id":8503,"date":"2024-04-05T22:18:50","date_gmt":"2024-04-05T20:18:50","guid":{"rendered":"https:\/\/studioeditori.com\/mdrus_new\/?page_id=8503"},"modified":"2024-11-28T11:31:24","modified_gmt":"2024-11-28T10:31:24","slug":"projekt-buduce-zgrade","status":"publish","type":"page","link":"https:\/\/studioeditori.com\/mdrus_new\/projekt-buduce-zgrade\/","title":{"rendered":"Projekt budu\u0107e zgrade"},"content":{"rendered":"\t\t<div data-elementor-type=\"wp-page\" data-elementor-id=\"8503\" class=\"elementor elementor-8503\" data-elementor-post-type=\"page\">\n\t\t\t\t<div class=\"elementor-element elementor-element-3447fbdd e-flex e-con-boxed e-con e-parent\" data-id=\"3447fbdd\" data-element_type=\"container\" data-settings=\"{&quot;background_background&quot;:&quot;classic&quot;,&quot;jet_parallax_layout_list&quot;:[]}\">\n\t\t\t\t\t<div class=\"e-con-inner\">\n\t\t<div class=\"elementor-element elementor-element-18e7d4ea e-con-full e-flex e-con e-child\" data-id=\"18e7d4ea\" data-element_type=\"container\" data-settings=\"{&quot;jet_parallax_layout_list&quot;:[]}\">\n\t\t\t\t<\/div>\n\t\t\t\t\t<\/div>\n\t\t\t\t<\/div>\n\t\t\t\t<section class=\"elementor-section elementor-top-section elementor-element elementor-element-98e6975 elementor-section-stretched elementor-section-boxed elementor-section-height-default elementor-section-height-default\" data-id=\"98e6975\" data-element_type=\"section\" data-settings=\"{&quot;stretch_section&quot;:&quot;section-stretched&quot;,&quot;background_background&quot;:&quot;classic&quot;,&quot;jet_parallax_layout_list&quot;:[]}\">\n\t\t\t\t\t\t<div class=\"elementor-container elementor-column-gap-no\">\n\t\t\t\t\t<div class=\"elementor-column elementor-col-100 elementor-top-column elementor-element elementor-element-4e65b7e\" data-id=\"4e65b7e\" data-element_type=\"column\">\n\t\t\t<div class=\"elementor-widget-wrap elementor-element-populated\">\n\t\t\t\t\t\t<div class=\"elementor-element elementor-element-cb9614b elementor-widget elementor-widget-heading\" data-id=\"cb9614b\" data-element_type=\"widget\" data-widget_type=\"heading.default\">\n\t\t\t\t<div class=\"elementor-widget-container\">\n\t\t\t<p class=\"elementor-heading-title elementor-size-default\">Muzej Domovinskog rata u Splitu\n\n<\/p>\t\t<\/div>\n\t\t\t\t<\/div>\n\t\t\t\t<div class=\"elementor-element elementor-element-6a6f15b elementor-widget elementor-widget-heading\" data-id=\"6a6f15b\" data-element_type=\"widget\" data-widget_type=\"heading.default\">\n\t\t\t\t<div class=\"elementor-widget-container\">\n\t\t\t<h2 class=\"elementor-heading-title elementor-size-default\">Muzej Domovinskog rata u Splitu te\u017ei biti temeljno mjesto za prou\u010davanje, o\u010duvanje i promicanje istine o Domovinskom ratu.<\/h2>\t\t<\/div>\n\t\t\t\t<\/div>\n\t\t\t\t\t<\/div>\n\t\t<\/div>\n\t\t\t\t\t<\/div>\n\t\t<\/section>\n\t\t<div class=\"elementor-element elementor-element-8893830 e-flex e-con-boxed e-con e-parent\" data-id=\"8893830\" data-element_type=\"container\" data-settings=\"{&quot;jet_parallax_layout_list&quot;:[]}\">\n\t\t\t\t\t<div class=\"e-con-inner\">\n\t\t\t\t<div class=\"elementor-element elementor-element-f77ed7a elementor-widget elementor-widget-image\" data-id=\"f77ed7a\" data-element_type=\"widget\" data-widget_type=\"image.default\">\n\t\t\t\t<div class=\"elementor-widget-container\">\n\t\t\t\t\t\t\t\t\t\t\t\t\t<img fetchpriority=\"high\" decoding=\"async\" width=\"800\" height=\"450\" src=\"https:\/\/studioeditori.com\/mdrus_new\/wp-content\/uploads\/2024\/06\/Slajd2-1024x576.jpg\" class=\"attachment-large size-large wp-image-9542\" alt=\"\" srcset=\"https:\/\/studioeditori.com\/mdrus_new\/wp-content\/uploads\/2024\/06\/Slajd2-1024x576.jpg 1024w, https:\/\/studioeditori.com\/mdrus_new\/wp-content\/uploads\/2024\/06\/Slajd2-300x169.jpg 300w, https:\/\/studioeditori.com\/mdrus_new\/wp-content\/uploads\/2024\/06\/Slajd2-768x432.jpg 768w, https:\/\/studioeditori.com\/mdrus_new\/wp-content\/uploads\/2024\/06\/Slajd2.jpg 1280w\" sizes=\"(max-width: 800px) 100vw, 800px\" \/>\t\t\t\t\t\t\t\t\t\t\t\t\t<\/div>\n\t\t\t\t<\/div>\n\t\t\t\t\t<\/div>\n\t\t\t\t<\/div>\n\t\t\t\t<section class=\"elementor-section elementor-top-section elementor-element elementor-element-6ada3b7 elementor-reverse-mobile elementor-section-boxed elementor-section-height-default elementor-section-height-default\" data-id=\"6ada3b7\" data-element_type=\"section\" data-settings=\"{&quot;jet_parallax_layout_list&quot;:[]}\">\n\t\t\t\t\t\t<div class=\"elementor-container elementor-column-gap-default\">\n\t\t\t\t\t<div class=\"elementor-column elementor-col-100 elementor-top-column elementor-element elementor-element-18cd00a\" data-id=\"18cd00a\" data-element_type=\"column\">\n\t\t\t<div class=\"elementor-widget-wrap elementor-element-populated\">\n\t\t\t\t\t\t<div class=\"elementor-element elementor-element-05aea49 elementor-widget elementor-widget-text-editor\" data-id=\"05aea49\" data-element_type=\"widget\" data-widget_type=\"text-editor.default\">\n\t\t\t\t<div class=\"elementor-widget-container\">\n\t\t\t\t\t\t\t<p>Muzej Domovinskog rata u Splitu 2022. godine naru\u010dio je studiju <em>Prostorna analiza koncepcije i lokacije Muzeja Domovinskog rata u Splitu <\/em>(Izra\u0111iva\u010d: ARHITEKT JURE BE\u0160LI\u0106 d.o.o.) Prema ovoj studiji, razmotrena je lokacija u ulici Put Lore, na sjeverozapadnom dijelu splitskog poluotoka, u neposrednoj blizini ulaza u Vojnu luku Lora i Spaladium arenu.<\/p><p>Inicijativa za izgradnju Muzeja Domovinskog rata u Splitu proiza\u0161la je iz braniteljskih udruga Koordinacije udruga veterana borbenih postrojbi, Koordinacije braniteljskih udruga grada Splita, Stradalni\u010dke udruge iz Domovinskog rata grada Splita, Splitsko-dalmatinske \u017eupanije i Grada Splita.<\/p><p>Budu\u0107a muzejska zgrada odlikovala bi se svojom \u0161irokom namjenom. Osim izlo\u017ebenog prostora i sadr\u017eaja vezanih uz rad Muzeja, posjedovala bi i vi\u0161enamjensku multimedijalnu dvoranu, knji\u017enicu, muzejski caffe bar i restoran, prostore za udruge, a u njoj bi bio smje\u0161ten i istra\u017eiva\u010dki centar.<\/p><p>U sklopu studije predstavljena je mogu\u0107nost formiranja javnog parka na krovu muzejske gra\u0111evine \u010dime bi se zaokru\u017eilo urbano okru\u017eenje koje poziva na aktivno kori\u0161tenje sadr\u017eaja Muzeja, kako vanjskih tako i unutarnjih, kako komercijalnih tako i edukativnih.<\/p>\t\t\t\t\t\t<\/div>\n\t\t\t\t<\/div>\n\t\t\t\t\t<\/div>\n\t\t<\/div>\n\t\t\t\t\t<\/div>\n\t\t<\/section>\n\t\t<div class=\"elementor-element elementor-element-24cf511 e-flex e-con-boxed e-con e-parent\" data-id=\"24cf511\" data-element_type=\"container\" data-settings=\"{&quot;jet_parallax_layout_list&quot;:[]}\">\n\t\t\t\t\t<div class=\"e-con-inner\">\n\t\t\t\t<div class=\"elementor-element elementor-element-650e6c4 elementor-widget elementor-widget-gallery\" data-id=\"650e6c4\" data-element_type=\"widget\" data-settings=\"{&quot;columns&quot;:3,&quot;lazyload&quot;:&quot;yes&quot;,&quot;gallery_layout&quot;:&quot;grid&quot;,&quot;columns_tablet&quot;:2,&quot;columns_mobile&quot;:1,&quot;gap&quot;:{&quot;unit&quot;:&quot;px&quot;,&quot;size&quot;:10,&quot;sizes&quot;:[]},&quot;gap_tablet&quot;:{&quot;unit&quot;:&quot;px&quot;,&quot;size&quot;:10,&quot;sizes&quot;:[]},&quot;gap_mobile&quot;:{&quot;unit&quot;:&quot;px&quot;,&quot;size&quot;:10,&quot;sizes&quot;:[]},&quot;link_to&quot;:&quot;file&quot;,&quot;aspect_ratio&quot;:&quot;3:2&quot;,&quot;overlay_background&quot;:&quot;yes&quot;,&quot;content_hover_animation&quot;:&quot;fade-in&quot;}\" data-widget_type=\"gallery.default\">\n\t\t\t\t<div class=\"elementor-widget-container\">\n\t\t\t\t\t<div class=\"elementor-gallery__container\">\n\t\t\t\t\t\t\t<a class=\"e-gallery-item elementor-gallery-item elementor-animated-content\" href=\"https:\/\/studioeditori.com\/mdrus_new\/wp-content\/uploads\/2024\/06\/Slajd4.jpg\" data-elementor-open-lightbox=\"yes\" data-elementor-lightbox-slideshow=\"650e6c4\" data-elementor-lightbox-title=\"Slajd4\" data-e-action-hash=\"#elementor-action%3Aaction%3Dlightbox%26settings%3DeyJpZCI6OTUzOCwidXJsIjoiaHR0cHM6XC9cL3N0dWRpb2VkaXRvcmkuY29tXC9tZHJ1c19uZXdcL3dwLWNvbnRlbnRcL3VwbG9hZHNcLzIwMjRcLzA2XC9TbGFqZDQuanBnIiwic2xpZGVzaG93IjoiNjUwZTZjNCJ9\">\n\t\t\t\t\t<div class=\"e-gallery-image elementor-gallery-item__image\" data-thumbnail=\"https:\/\/studioeditori.com\/mdrus_new\/wp-content\/uploads\/2024\/06\/Slajd4-300x169.jpg\" data-width=\"300\" data-height=\"169\" aria-label=\"\" role=\"img\" ><\/div>\n\t\t\t\t\t\t\t\t\t\t\t<div class=\"elementor-gallery-item__overlay\"><\/div>\n\t\t\t\t\t\t\t\t\t\t\t\t\t\t<\/a>\n\t\t\t\t\t\t\t<a class=\"e-gallery-item elementor-gallery-item elementor-animated-content\" href=\"https:\/\/studioeditori.com\/mdrus_new\/wp-content\/uploads\/2024\/06\/Slajd3.jpg\" data-elementor-open-lightbox=\"yes\" data-elementor-lightbox-slideshow=\"650e6c4\" data-elementor-lightbox-title=\"Slajd3\" data-e-action-hash=\"#elementor-action%3Aaction%3Dlightbox%26settings%3DeyJpZCI6OTUzNywidXJsIjoiaHR0cHM6XC9cL3N0dWRpb2VkaXRvcmkuY29tXC9tZHJ1c19uZXdcL3dwLWNvbnRlbnRcL3VwbG9hZHNcLzIwMjRcLzA2XC9TbGFqZDMuanBnIiwic2xpZGVzaG93IjoiNjUwZTZjNCJ9\">\n\t\t\t\t\t<div class=\"e-gallery-image elementor-gallery-item__image\" data-thumbnail=\"https:\/\/studioeditori.com\/mdrus_new\/wp-content\/uploads\/2024\/06\/Slajd3-300x169.jpg\" data-width=\"300\" data-height=\"169\" aria-label=\"\" role=\"img\" ><\/div>\n\t\t\t\t\t\t\t\t\t\t\t<div class=\"elementor-gallery-item__overlay\"><\/div>\n\t\t\t\t\t\t\t\t\t\t\t\t\t\t<\/a>\n\t\t\t\t\t\t\t<a class=\"e-gallery-item elementor-gallery-item elementor-animated-content\" href=\"https:\/\/studioeditori.com\/mdrus_new\/wp-content\/uploads\/2024\/06\/Slajd1.jpg\" data-elementor-open-lightbox=\"yes\" data-elementor-lightbox-slideshow=\"650e6c4\" data-elementor-lightbox-title=\"Slajd1\" data-e-action-hash=\"#elementor-action%3Aaction%3Dlightbox%26settings%3DeyJpZCI6OTU0MSwidXJsIjoiaHR0cHM6XC9cL3N0dWRpb2VkaXRvcmkuY29tXC9tZHJ1c19uZXdcL3dwLWNvbnRlbnRcL3VwbG9hZHNcLzIwMjRcLzA2XC9TbGFqZDEuanBnIiwic2xpZGVzaG93IjoiNjUwZTZjNCJ9\">\n\t\t\t\t\t<div class=\"e-gallery-image elementor-gallery-item__image\" data-thumbnail=\"https:\/\/studioeditori.com\/mdrus_new\/wp-content\/uploads\/2024\/06\/Slajd1-300x169.jpg\" data-width=\"300\" data-height=\"169\" aria-label=\"\" role=\"img\" ><\/div>\n\t\t\t\t\t\t\t\t\t\t\t<div class=\"elementor-gallery-item__overlay\"><\/div>\n\t\t\t\t\t\t\t\t\t\t\t\t\t\t<\/a>\n\t\t\t\t\t<\/div>\n\t\t\t<\/div>\n\t\t\t\t<\/div>\n\t\t\t\t\t<\/div>\n\t\t\t\t<\/div>\n\t\t\t\t<\/div>\n\t\t","protected":false},"excerpt":{"rendered":"<p>Muzej Domovinskog rata u Splitu Muzej Domovinskog rata u Splitu te\u017ei biti temeljno mjesto za prou\u010davanje, o\u010duvanje i promicanje istine o Domovinskom ratu. Muzej Domovinskog rata u Splitu 2022. godine naru\u010dio je studiju Prostorna analiza koncepcije i lokacije Muzeja Domovinskog rata u Splitu (Izra\u0111iva\u010d: ARHITEKT JURE BE\u0160LI\u0106 d.o.o.) Prema ovoj studiji, razmotrena je lokacija u [&hellip;]<\/p>\n","protected":false},"author":1,"featured_media":0,"parent":0,"menu_order":0,"comment_status":"closed","ping_status":"closed","template":"","meta":{"footnotes":""},"class_list":["post-8503","page","type-page","status-publish","hentry"],"_links":{"self":[{"href":"https:\/\/studioeditori.com\/mdrus_new\/wp-json\/wp\/v2\/pages\/8503","targetHints":{"allow":["GET"]}}],"collection":[{"href":"https:\/\/studioeditori.com\/mdrus_new\/wp-json\/wp\/v2\/pages"}],"about":[{"href":"https:\/\/studioeditori.com\/mdrus_new\/wp-json\/wp\/v2\/types\/page"}],"author":[{"embeddable":true,"href":"https:\/\/studioeditori.com\/mdrus_new\/wp-json\/wp\/v2\/users\/1"}],"replies":[{"embeddable":true,"href":"https:\/\/studioeditori.com\/mdrus_new\/wp-json\/wp\/v2\/comments?post=8503"}],"version-history":[{"count":28,"href":"https:\/\/studioeditori.com\/mdrus_new\/wp-json\/wp\/v2\/pages\/8503\/revisions"}],"predecessor-version":[{"id":10913,"href":"https:\/\/studioeditori.com\/mdrus_new\/wp-json\/wp\/v2\/pages\/8503\/revisions\/10913"}],"wp:attachment":[{"href":"https:\/\/studioeditori.com\/mdrus_new\/wp-json\/wp\/v2\/media?parent=8503"}],"curies":[{"name":"wp","href":"https:\/\/api.w.org\/{rel}","templated":true}]}}

Projekt buduće zgrade

<div data-elementor-type="wp-page" data-elementor-id="8503" class="elementor elementor-8503" data-elementor-post-type="page">
				<div class="elementor-element elementor-element-3447fbdd e-flex e-con-boxed e-con e-parent" data-id="3447fbdd" data-element_type="container" data-settings="{&quot;background_background&quot;:&quot;classic&quot;,&quot;jet_parallax_layout_list&quot;:[]}">
					<div class="e-con-inner">
		<div class="elementor-element elementor-element-18e7d4ea e-con-full e-flex e-con e-child" data-id="18e7d4ea" data-element_type="container" data-settings="{&quot;jet_parallax_layout_list&quot;:[]}">
				</div>
					</div>
				</div>
				<section class="elementor-section elementor-top-section elementor-element elementor-element-98e6975 elementor-section-stretched elementor-section-boxed elementor-section-height-default elementor-section-height-default" data-id="98e6975" data-element_type="section" data-settings="{&quot;stretch_section&quot;:&quot;section-stretched&quot;,&quot;background_background&quot;:&quot;classic&quot;,&quot;jet_parallax_layout_list&quot;:[]}">
						<div class="elementor-container elementor-column-gap-no">
					<div class="elementor-column elementor-col-100 elementor-top-column elementor-element elementor-element-4e65b7e" data-id="4e65b7e" data-element_type="column">
			<div class="elementor-widget-wrap elementor-element-populated">
						<div class="elementor-element elementor-element-cb9614b elementor-widget elementor-widget-heading" data-id="cb9614b" data-element_type="widget" data-widget_type="heading.default">
				<div class="elementor-widget-container">
			<p class="elementor-heading-title elementor-size-default">Muzej Domovinskog rata u Splitu

</p>		</div>
				</div>
				<div class="elementor-element elementor-element-6a6f15b elementor-widget elementor-widget-heading" data-id="6a6f15b" data-element_type="widget" data-widget_type="heading.default">
				<div class="elementor-widget-container">
			<h2 class="elementor-heading-title elementor-size-default">Muzej Domovinskog rata u Splitu teži biti temeljno mjesto za proučavanje, očuvanje i promicanje istine o Domovinskom ratu.</h2>		</div>
				</div>
					</div>
		</div>
					</div>
		</section>
		<div class="elementor-element elementor-element-8893830 e-flex e-con-boxed e-con e-parent" data-id="8893830" data-element_type="container" data-settings="{&quot;jet_parallax_layout_list&quot;:[]}">
					<div class="e-con-inner">
				<div class="elementor-element elementor-element-f77ed7a elementor-widget elementor-widget-image" data-id="f77ed7a" data-element_type="widget" data-widget_type="image.default">
				<div class="elementor-widget-container">
													<img fetchpriority="high" decoding="async" width="800" height="450" src="https://studioeditori.com/mdrus_new/wp-content/uploads/2024/06/Slajd2-1024x576.jpg" class="attachment-large size-large wp-image-9542" alt="" srcset="https://studioeditori.com/mdrus_new/wp-content/uploads/2024/06/Slajd2-1024x576.jpg 1024w, https://studioeditori.com/mdrus_new/wp-content/uploads/2024/06/Slajd2-300x169.jpg 300w, https://studioeditori.com/mdrus_new/wp-content/uploads/2024/06/Slajd2-768x432.jpg 768w, https://studioeditori.com/mdrus_new/wp-content/uploads/2024/06/Slajd2.jpg 1280w" sizes="(max-width: 800px) 100vw, 800px" />													</div>
				</div>
					</div>
				</div>
				<section class="elementor-section elementor-top-section elementor-element elementor-element-6ada3b7 elementor-reverse-mobile elementor-section-boxed elementor-section-height-default elementor-section-height-default" data-id="6ada3b7" data-element_type="section" data-settings="{&quot;jet_parallax_layout_list&quot;:[]}">
						<div class="elementor-container elementor-column-gap-default">
					<div class="elementor-column elementor-col-100 elementor-top-column elementor-element elementor-element-18cd00a" data-id="18cd00a" data-element_type="column">
			<div class="elementor-widget-wrap elementor-element-populated">
						<div class="elementor-element elementor-element-05aea49 elementor-widget elementor-widget-text-editor" data-id="05aea49" data-element_type="widget" data-widget_type="text-editor.default">
				<div class="elementor-widget-container">
							<p>Muzej Domovinskog rata u Splitu 2022. godine naručio je studiju <em>Prostorna analiza koncepcije i lokacije Muzeja Domovinskog rata u Splitu </em>(Izrađivač: ARHITEKT JURE BEŠLIĆ d.o.o.) Prema ovoj studiji, razmotrena je lokacija u ulici Put Lore, na sjeverozapadnom dijelu splitskog poluotoka, u neposrednoj blizini ulaza u Vojnu luku Lora i Spaladium arenu.</p><p>Inicijativa za izgradnju Muzeja Domovinskog rata u Splitu proizašla je iz braniteljskih udruga Koordinacije udruga veterana borbenih postrojbi, Koordinacije braniteljskih udruga grada Splita, Stradalničke udruge iz Domovinskog rata grada Splita, Splitsko-dalmatinske županije i Grada Splita.</p><p>Buduća muzejska zgrada odlikovala bi se svojom širokom namjenom. Osim izložbenog prostora i sadržaja vezanih uz rad Muzeja, posjedovala bi i višenamjensku multimedijalnu dvoranu, knjižnicu, muzejski caffe bar i restoran, prostore za udruge, a u njoj bi bio smješten i istraživački centar.</p><p>U sklopu studije predstavljena je mogućnost formiranja javnog parka na krovu muzejske građevine čime bi se zaokružilo urbano okruženje koje poziva na aktivno korištenje sadržaja Muzeja, kako vanjskih tako i unutarnjih, kako komercijalnih tako i edukativnih.</p>						</div>
				</div>
					</div>
		</div>
					</div>
		</section>
		<div class="elementor-element elementor-element-24cf511 e-flex e-con-boxed e-con e-parent" data-id="24cf511" data-element_type="container" data-settings="{&quot;jet_parallax_layout_list&quot;:[]}">
					<div class="e-con-inner">
				<div class="elementor-element elementor-element-650e6c4 elementor-widget elementor-widget-gallery" data-id="650e6c4" data-element_type="widget" data-settings="{&quot;columns&quot;:3,&quot;lazyload&quot;:&quot;yes&quot;,&quot;gallery_layout&quot;:&quot;grid&quot;,&quot;columns_tablet&quot;:2,&quot;columns_mobile&quot;:1,&quot;gap&quot;:{&quot;unit&quot;:&quot;px&quot;,&quot;size&quot;:10,&quot;sizes&quot;:[]},&quot;gap_tablet&quot;:{&quot;unit&quot;:&quot;px&quot;,&quot;size&quot;:10,&quot;sizes&quot;:[]},&quot;gap_mobile&quot;:{&quot;unit&quot;:&quot;px&quot;,&quot;size&quot;:10,&quot;sizes&quot;:[]},&quot;link_to&quot;:&quot;file&quot;,&quot;aspect_ratio&quot;:&quot;3:2&quot;,&quot;overlay_background&quot;:&quot;yes&quot;,&quot;content_hover_animation&quot;:&quot;fade-in&quot;}" data-widget_type="gallery.default">
				<div class="elementor-widget-container">
					<div class="elementor-gallery__container">
							<a class="e-gallery-item elementor-gallery-item elementor-animated-content" href="https://studioeditori.com/mdrus_new/wp-content/uploads/2024/06/Slajd4.jpg" data-elementor-open-lightbox="yes" data-elementor-lightbox-slideshow="650e6c4" data-elementor-lightbox-title="Slajd4" data-e-action-hash="#elementor-action%3Aaction%3Dlightbox%26settings%3DeyJpZCI6OTUzOCwidXJsIjoiaHR0cHM6XC9cL3N0dWRpb2VkaXRvcmkuY29tXC9tZHJ1c19uZXdcL3dwLWNvbnRlbnRcL3VwbG9hZHNcLzIwMjRcLzA2XC9TbGFqZDQuanBnIiwic2xpZGVzaG93IjoiNjUwZTZjNCJ9">
					<div class="e-gallery-image elementor-gallery-item__image" data-thumbnail="https://studioeditori.com/mdrus_new/wp-content/uploads/2024/06/Slajd4-300x169.jpg" data-width="300" data-height="169" aria-label="" role="img" ></div>
											<div class="elementor-gallery-item__overlay"></div>
														</a>
							<a class="e-gallery-item elementor-gallery-item elementor-animated-content" href="https://studioeditori.com/mdrus_new/wp-content/uploads/2024/06/Slajd3.jpg" data-elementor-open-lightbox="yes" data-elementor-lightbox-slideshow="650e6c4" data-elementor-lightbox-title="Slajd3" data-e-action-hash="#elementor-action%3Aaction%3Dlightbox%26settings%3DeyJpZCI6OTUzNywidXJsIjoiaHR0cHM6XC9cL3N0dWRpb2VkaXRvcmkuY29tXC9tZHJ1c19uZXdcL3dwLWNvbnRlbnRcL3VwbG9hZHNcLzIwMjRcLzA2XC9TbGFqZDMuanBnIiwic2xpZGVzaG93IjoiNjUwZTZjNCJ9">
					<div class="e-gallery-image elementor-gallery-item__image" data-thumbnail="https://studioeditori.com/mdrus_new/wp-content/uploads/2024/06/Slajd3-300x169.jpg" data-width="300" data-height="169" aria-label="" role="img" ></div>
											<div class="elementor-gallery-item__overlay"></div>
														</a>
							<a class="e-gallery-item elementor-gallery-item elementor-animated-content" href="https://studioeditori.com/mdrus_new/wp-content/uploads/2024/06/Slajd1.jpg" data-elementor-open-lightbox="yes" data-elementor-lightbox-slideshow="650e6c4" data-elementor-lightbox-title="Slajd1" data-e-action-hash="#elementor-action%3Aaction%3Dlightbox%26settings%3DeyJpZCI6OTU0MSwidXJsIjoiaHR0cHM6XC9cL3N0dWRpb2VkaXRvcmkuY29tXC9tZHJ1c19uZXdcL3dwLWNvbnRlbnRcL3VwbG9hZHNcLzIwMjRcLzA2XC9TbGFqZDEuanBnIiwic2xpZGVzaG93IjoiNjUwZTZjNCJ9">
					<div class="e-gallery-image elementor-gallery-item__image" data-thumbnail="https://studioeditori.com/mdrus_new/wp-content/uploads/2024/06/Slajd1-300x169.jpg" data-width="300" data-height="169" aria-label="" role="img" ></div>
											<div class="elementor-gallery-item__overlay"></div>
														</a>
					</div>
			</div>
				</div>
					</div>
				</div>
				</div>

<p>Muzej Domovinskog rata u Splitu Muzej Domovinskog rata u Splitu teži biti temeljno mjesto za proučavanje, očuvanje i promicanje istine o Domovinskom ratu. Muzej Domovinskog rata u Splitu 2022. godine naručio je studiju Prostorna analiza koncepcije i lokacije Muzeja Domovinskog rata u Splitu (Izrađivač: ARHITEKT JURE BEŠLIĆ d.o.o.) Prema ovoj studiji, razmotrena je lokacija u [&hellip;]</p>
