{"id":20344,"date":"2022-03-29T10:27:54","date_gmt":"2022-03-29T10:27:54","guid":{"rendered":"https:\/\/studioeditori.com\/putnikovic\/?page_id=20344"},"modified":"2025-01-22T22:26:14","modified_gmt":"2025-01-22T22:26:14","slug":"lirica","status":"publish","type":"page","link":"https:\/\/studioeditori.com\/putnikovic\/vrhunska-crna-vina\/lirica\/","title":{"rendered":"Lirica"},"content":{"rendered":"\t\t<div data-elementor-type=\"wp-page\" data-elementor-id=\"20344\" class=\"elementor elementor-20344\" data-elementor-post-type=\"page\">\n\t\t\t\t\t\t<section class=\"elementor-section-with-custom-width elementor-section elementor-top-section elementor-element elementor-element-5950d8c9 elementor-section-stretched elementor-reverse-mobile elementor-section-content-middle elementor-section-boxed elementor-section-height-default elementor-section-height-default sc_fly_static\" data-id=\"5950d8c9\" data-element_type=\"section\" data-settings=\"{&quot;stretch_section&quot;:&quot;section-stretched&quot;,&quot;background_background&quot;:&quot;classic&quot;}\">\n\t\t\t\t\t\t<div class=\"elementor-container elementor-column-gap-no\">\n\t\t\t\t\t<div class=\"elementor-column elementor-col-50 elementor-top-column elementor-element elementor-element-5a75bac4 sc_content_align_inherit sc_layouts_column_icons_position_left sc_fly_static\" data-id=\"5a75bac4\" data-element_type=\"column\">\n\t\t\t<div class=\"elementor-widget-wrap elementor-element-populated\">\n\t\t\t\t\t\t<section class=\"elementor-section elementor-inner-section elementor-element elementor-element-d8af090 elementor-section-content-middle elementor-section-boxed elementor-section-height-default elementor-section-height-default sc_fly_static\" data-id=\"d8af090\" data-element_type=\"section\">\n\t\t\t\t\t\t<div class=\"elementor-container elementor-column-gap-no\">\n\t\t\t\t\t<div class=\"elementor-column elementor-col-100 elementor-inner-column elementor-element elementor-element-35bbdac sc_content_align_inherit sc_layouts_column_icons_position_left sc_fly_static\" data-id=\"35bbdac\" data-element_type=\"column\">\n\t\t\t<div class=\"elementor-widget-wrap elementor-element-populated\">\n\t\t\t\t\t\t<div class=\"elementor-element elementor-element-c6d9113 sc_fly_static elementor-widget elementor-widget-image\" data-id=\"c6d9113\" data-element_type=\"widget\" data-widget_type=\"image.default\">\n\t\t\t\t\t\t\t\t\t\t\t\t\t\t\t<img fetchpriority=\"high\" decoding=\"async\" width=\"682\" height=\"1024\" src=\"https:\/\/studioeditori.com\/putnikovic\/wp-content\/uploads\/2025\/01\/lirica-11-682x1024.jpg\" class=\"attachment-large size-large wp-image-20951\" alt=\"\" srcset=\"https:\/\/studioeditori.com\/putnikovic\/wp-content\/uploads\/2025\/01\/lirica-11-682x1024.jpg 682w, https:\/\/studioeditori.com\/putnikovic\/wp-content\/uploads\/2025\/01\/lirica-11-200x300.jpg 200w, https:\/\/studioeditori.com\/putnikovic\/wp-content\/uploads\/2025\/01\/lirica-11-768x1154.jpg 768w, https:\/\/studioeditori.com\/putnikovic\/wp-content\/uploads\/2025\/01\/lirica-11-370x556.jpg 370w, https:\/\/studioeditori.com\/putnikovic\/wp-content\/uploads\/2025\/01\/lirica-11-840x1262.jpg 840w, https:\/\/studioeditori.com\/putnikovic\/wp-content\/uploads\/2025\/01\/lirica-11-410x616.jpg 410w, https:\/\/studioeditori.com\/putnikovic\/wp-content\/uploads\/2025\/01\/lirica-11-600x901.jpg 600w, https:\/\/studioeditori.com\/putnikovic\/wp-content\/uploads\/2025\/01\/lirica-11.jpg 852w\" sizes=\"(max-width: 682px) 100vw, 682px\" \/>\t\t\t\t\t\t\t\t\t\t\t\t\t\t\t<\/div>\n\t\t\t\t<div class=\"elementor-element elementor-element-2ef7c5d sc_fly_static elementor-widget elementor-widget-image\" data-id=\"2ef7c5d\" data-element_type=\"widget\" data-widget_type=\"image.default\">\n\t\t\t\t\t\t\t\t\t\t\t\t\t\t\t<img decoding=\"async\" width=\"682\" height=\"1024\" src=\"https:\/\/studioeditori.com\/putnikovic\/wp-content\/uploads\/2025\/01\/lirica-22-682x1024.jpg\" class=\"attachment-large size-large wp-image-20952\" alt=\"\" srcset=\"https:\/\/studioeditori.com\/putnikovic\/wp-content\/uploads\/2025\/01\/lirica-22-682x1024.jpg 682w, https:\/\/studioeditori.com\/putnikovic\/wp-content\/uploads\/2025\/01\/lirica-22-200x300.jpg 200w, https:\/\/studioeditori.com\/putnikovic\/wp-content\/uploads\/2025\/01\/lirica-22-768x1154.jpg 768w, https:\/\/studioeditori.com\/putnikovic\/wp-content\/uploads\/2025\/01\/lirica-22-370x556.jpg 370w, https:\/\/studioeditori.com\/putnikovic\/wp-content\/uploads\/2025\/01\/lirica-22-840x1262.jpg 840w, https:\/\/studioeditori.com\/putnikovic\/wp-content\/uploads\/2025\/01\/lirica-22-410x616.jpg 410w, https:\/\/studioeditori.com\/putnikovic\/wp-content\/uploads\/2025\/01\/lirica-22-600x901.jpg 600w, https:\/\/studioeditori.com\/putnikovic\/wp-content\/uploads\/2025\/01\/lirica-22.jpg 852w\" sizes=\"(max-width: 682px) 100vw, 682px\" \/>\t\t\t\t\t\t\t\t\t\t\t\t\t\t\t<\/div>\n\t\t\t\t\t<\/div>\n\t\t<\/div>\n\t\t\t\t\t<\/div>\n\t\t<\/section>\n\t\t\t\t\t<\/div>\n\t\t<\/div>\n\t\t\t\t<div class=\"elementor-column elementor-col-50 elementor-top-column elementor-element elementor-element-2a863cad sc_content_align_inherit sc_layouts_column_icons_position_left sc_fly_static\" data-id=\"2a863cad\" data-element_type=\"column\" data-settings=\"{&quot;background_background&quot;:&quot;classic&quot;}\">\n\t\t\t<div class=\"elementor-widget-wrap elementor-element-populated\">\n\t\t\t\t\t\t<div class=\"elementor-element elementor-element-70b37b82 sc_fly_static elementor-widget elementor-widget-heading\" data-id=\"70b37b82\" data-element_type=\"widget\" data-widget_type=\"heading.default\">\n\t\t\t\t\t<p class=\"elementor-heading-title elementor-size-default\">2020<\/p>\t\t\t\t<\/div>\n\t\t\t\t<div class=\"elementor-element elementor-element-1140c84e sc_fly_static elementor-widget elementor-widget-heading\" data-id=\"1140c84e\" data-element_type=\"widget\" data-widget_type=\"heading.default\">\n\t\t\t\t\t<h2 class=\"elementor-heading-title elementor-size-default\">Lirica 0,75 l<\/h2>\t\t\t\t<\/div>\n\t\t\t\t<div class=\"elementor-element elementor-element-36cc89f sc_fly_static elementor-widget elementor-widget-text-editor\" data-id=\"36cc89f\" data-element_type=\"widget\" data-widget_type=\"text-editor.default\">\n\t\t\t\t\t\t\t\t\t<p class=\"Standard\">Lirica, 0,75 l, cijena: 13 eura, godina: 2020<\/p>\t\t\t\t\t\t\t\t<\/div>\n\t\t\t\t<div class=\"elementor-element elementor-element-885dcd7 sc_fly_static elementor-widget elementor-widget-text-editor\" data-id=\"885dcd7\" data-element_type=\"widget\" data-widget_type=\"text-editor.default\">\n\t\t\t\t\t\t\t\t\t<p>Lirica je vrhunsko crno vino sorte plavac mali.<\/p>\t\t\t\t\t\t\t\t<\/div>\n\t\t\t\t<div class=\"elementor-element elementor-element-895323a sc_fly_static elementor-widget elementor-widget-text-editor\" data-id=\"895323a\" data-element_type=\"widget\" data-widget_type=\"text-editor.default\">\n\t\t\t\t\t\t\t\t\t<table class=\"woocommerce-product-attributes shop_attributes table\">\n<tbody>\n<tr class=\"woocommerce-product-attributes-item woocommerce-product-attributes-item--attribute_tip-vina\">\n<th class=\"woocommerce-product-attributes-item__label\">Sorta:<\/th>\n<td class=\"woocommerce-product-attributes-item__value\">Plavac mali<\/td>\n<\/tr>\n<tr class=\"woocommerce-product-attributes-item woocommerce-product-attributes-item--attribute_sorta\">\n<th class=\"woocommerce-product-attributes-item__label\">Tip vina:<\/th>\n<td class=\"woocommerce-product-attributes-item__value\">Vrhunsko suho crno vino<\/td>\n<\/tr>\n<tr class=\"woocommerce-product-attributes-item woocommerce-product-attributes-item--attribute_godina\">\n<th class=\"woocommerce-product-attributes-item__label\">Lokalitet:<\/th>\n<td class=\"woocommerce-product-attributes-item__value\">\u017duljana<\/td>\n<\/tr>\n<tr class=\"woocommerce-product-attributes-item woocommerce-product-attributes-item--attribute_alkohol\">\n<th class=\"woocommerce-product-attributes-item__label\">Boja:<\/th>\n<td class=\"woocommerce-product-attributes-item__value\">Tamnocrvena rubin<\/td>\n<\/tr>\n<tr class=\"woocommerce-product-attributes-item woocommerce-product-attributes-item--attribute_sadr%c5%beaj\">\n<th class=\"woocommerce-product-attributes-item__label\">Opis:<\/th>\n<td class=\"woocommerce-product-attributes-item__value\">Elegantno, visokih tanina, dugog zavr\u0161etka<\/td>\n<\/tr>\n<tr class=\"woocommerce-product-attributes-item woocommerce-product-attributes-item--attribute_lokalitet\">\n<th class=\"woocommerce-product-attributes-item__label\">Okus:<\/th>\n<td class=\"woocommerce-product-attributes-item__value\">Tamno vo\u0107e, prezrela vi\u0161nja, \u010dokolada<\/td>\n<\/tr>\n<tr class=\"woocommerce-product-attributes-item woocommerce-product-attributes-item--attribute_lokalitet\">\n<th class=\"woocommerce-product-attributes-item__label\">Alkohol:<\/th>\n<td class=\"woocommerce-product-attributes-item__value\">14,0 %<\/td>\n<\/tr>\n<tr class=\"woocommerce-product-attributes-item woocommerce-product-attributes-item--attribute_lokalitet\">\n<th class=\"woocommerce-product-attributes-item__label\">Ostatak \u0161e\u0107era:<\/th>\n<td class=\"woocommerce-product-attributes-item__value\">&lt;2<\/td>\n<\/tr>\n<tr>\n<th>Tijelo:<\/th>\n<td>Puno<\/td>\n<\/tr>\n<tr>\n<th>Vinifikacija:<\/th>\n<td>Maceracija 10-12 dana<\/td>\n<\/tr>\n<tr>\n<th>Dozrijevanje:<\/th>\n<td>24 mjeseci u inoks i drvenim ba\u010dvama, 6 mjeseci u boci<\/td>\n<\/tr>\n<tr>\n<th>Prijedlozi serviranja:<\/th>\n<td>Tamno meso, divlja\u010d, plava riba<\/td>\n<\/tr>\n<tr>\n<th>Temperatura konzumacije:<\/th>\n<td>16-18 \u00b0C<\/td>\n<\/tr>\n<tr>\n<th>Nagrade:<\/th>\n<td>Zlatna medalja, Sabatina 2017\nZlatna medalja, Sabatina 2016\nZlatna medalja,Dionizijana, 2015<\/td>\n<\/tr>\n<tr>\n<th>Zanimljivosti:<\/th>\n<td>Vino Lirica je nazvano po istoimenom otoku koji je vidljiv iz vinograda na kojima raste gro\u017e\u0111e od kojeg se proizvodi Lirica.\n\nZa\u0161ti\u0107ena oznaka izvornosti<\/td>\n<\/tr>\n<\/tbody>\n<\/table>\t\t\t\t\t\t\t\t<\/div>\n\t\t\t\t<div class=\"elementor-element elementor-element-1b4eee9 sc_fly_static elementor-widget elementor-widget-spacer\" data-id=\"1b4eee9\" data-element_type=\"widget\" data-widget_type=\"spacer.default\">\n\t\t\t\t\t\t\t<div class=\"elementor-spacer\">\n\t\t\t<div class=\"elementor-spacer-inner\"><\/div>\n\t\t<\/div>\n\t\t\t\t\t\t<\/div>\n\t\t\t\t<div class=\"elementor-element elementor-element-38c0056 sc_fly_static elementor-widget elementor-widget-wc-add-to-cart\" data-id=\"38c0056\" data-element_type=\"widget\" data-widget_type=\"wc-add-to-cart.default\">\n\t\t\t\t\t\t\t\t\t\t<a rel=\"nofollow\" href=\"?add-to-cart=2345\" data-quantity=\"1\" data-product_id=\"2345\" class=\"product_type_simple add_to_cart_button ajax_add_to_cart elementor-button elementor-size-lg\" role=\"button\">\n\t\t\t\t\t\t<span class=\"elementor-button-content-wrapper\">\n\t\t\t\t\t\t\t\t\t<span class=\"elementor-button-text\">KUPI<\/span>\n\t\t\t\t\t<\/span>\n\t\t\t\t\t<\/a>\n\t\t\t\t\t\t\t\t<\/div>\n\t\t\t\t\t<\/div>\n\t\t<\/div>\n\t\t\t\t\t<\/div>\n\t\t<\/section>\n\t\t\t\t<section class=\"elementor-section elementor-top-section elementor-element elementor-element-e8c8fcd elementor-section-boxed elementor-section-height-default elementor-section-height-default sc_fly_static\" data-id=\"e8c8fcd\" data-element_type=\"section\">\n\t\t\t\t\t\t<div class=\"elementor-container elementor-column-gap-extended\">\n\t\t\t\t\t<div class=\"elementor-column elementor-col-100 elementor-top-column elementor-element elementor-element-af8d1a9 sc_content_align_inherit sc_layouts_column_icons_position_left sc_fly_static\" data-id=\"af8d1a9\" data-element_type=\"column\">\n\t\t\t<div class=\"elementor-widget-wrap elementor-element-populated\">\n\t\t\t\t\t\t<div class=\"elementor-element elementor-element-73bb3d0 sc_fly_static elementor-widget elementor-widget-heading\" data-id=\"73bb3d0\" data-element_type=\"widget\" data-widget_type=\"heading.default\">\n\t\t\t\t\t<p class=\"elementor-heading-title elementor-size-default\">Opis vina<\/p>\t\t\t\t<\/div>\n\t\t\t\t<div class=\"elementor-element elementor-element-6c39c14 sc_fly_static elementor-widget elementor-widget-heading\" data-id=\"6c39c14\" data-element_type=\"widget\" data-widget_type=\"heading.default\">\n\t\t\t\t\t<h2 class=\"elementor-heading-title elementor-size-default\">Libertas<\/h2>\t\t\t\t<\/div>\n\t\t\t\t<section class=\"elementor-section elementor-inner-section elementor-element elementor-element-39d975a elementor-section-boxed elementor-section-height-default elementor-section-height-default sc_fly_static\" data-id=\"39d975a\" data-element_type=\"section\">\n\t\t\t\t\t\t<div class=\"elementor-container elementor-column-gap-extended\">\n\t\t\t\t\t<div class=\"elementor-column elementor-col-100 elementor-inner-column elementor-element elementor-element-1e43ee6 sc_content_align_inherit sc_layouts_column_icons_position_left sc_fly_static\" data-id=\"1e43ee6\" data-element_type=\"column\">\n\t\t\t<div class=\"elementor-widget-wrap elementor-element-populated\">\n\t\t\t\t\t\t<div class=\"elementor-element elementor-element-0d133d5 sc_fly_static elementor-widget elementor-widget-text-editor\" data-id=\"0d133d5\" data-element_type=\"widget\" data-widget_type=\"text-editor.default\">\n\t\t\t\t\t\t\t\t\t<p>Zbog specifi\u010dnosti polo\u017eaja i nagnutog terena svi se poslovi u vinogradu obavljaju ru\u010dno.<\/p><p>Gro\u017e\u0111e za ovo vino dolazi s ju\u017enih padina oko mjesta \u017duljana. S terasastih vinograda plavca malog se\u017ee pogled na maleni otok Lirica, po kojem je ovo vino dobilo ime. Radi se o tipi\u010dnim polo\u017eajima s vapnena\u010dkim tlima, s dosta kamena (tlo specifi\u010dne bijele boje, tzv. &#8220;mujara&#8221;). Zbog autohtonosti sorte i ekolo\u0161kih uvjeta proizvodnje, potreba za za\u0161titom je minimalna. Neki vinogradi su stariji od 50 godina i otporniji na su\u0161u, \u010dime se pospje\u0161uje zrioba i ekstraktnost gro\u017e\u0111a. Gro\u017e\u0111e se bere isklju\u010divo ru\u010dno u gajbe. Gro\u017e\u0111e za ovo vino fermentira u inox vinifikatorima. Maceracija je 10-12 dana. Nakon fermentacije vino dozrijeva u inox tankovima 24 mjeseca. Vino nakon punjenja odle\u017eava 6 mjeseci u boci prije pu\u0161tanja u prodaju.<\/p>\t\t\t\t\t\t\t\t<\/div>\n\t\t\t\t\t<\/div>\n\t\t<\/div>\n\t\t\t\t\t<\/div>\n\t\t<\/section>\n\t\t\t\t\t<\/div>\n\t\t<\/div>\n\t\t\t\t\t<\/div>\n\t\t<\/section>\n\t\t\t\t<section class=\"elementor-section elementor-top-section elementor-element elementor-element-cba0fc2 elementor-section-boxed elementor-section-height-default elementor-section-height-default sc_fly_static\" data-id=\"cba0fc2\" data-element_type=\"section\" data-settings=\"{&quot;background_background&quot;:&quot;classic&quot;}\">\n\t\t\t\t\t\t<div class=\"elementor-container elementor-column-gap-extended\">\n\t\t\t\t\t<div class=\"elementor-column elementor-col-50 elementor-top-column elementor-element elementor-element-7f17cc1 sc_content_align_inherit sc_layouts_column_icons_position_left sc_fly_static\" data-id=\"7f17cc1\" data-element_type=\"column\" data-settings=\"{&quot;background_background&quot;:&quot;classic&quot;}\">\n\t\t\t<div class=\"elementor-widget-wrap elementor-element-populated\">\n\t\t\t\t\t\t<div class=\"elementor-element elementor-element-72204f9 sc_fly_static elementor-widget elementor-widget-spacer\" data-id=\"72204f9\" data-element_type=\"widget\" data-widget_type=\"spacer.default\">\n\t\t\t\t\t\t\t<div class=\"elementor-spacer\">\n\t\t\t<div class=\"elementor-spacer-inner\"><\/div>\n\t\t<\/div>\n\t\t\t\t\t\t<\/div>\n\t\t\t\t<div class=\"elementor-element elementor-element-0b6f066 sc_fly_static elementor-widget elementor-widget-heading\" data-id=\"0b6f066\" data-element_type=\"widget\" data-widget_type=\"heading.default\">\n\t\t\t\t\t<h2 class=\"elementor-heading-title elementor-size-default\">Nagrade<\/h2>\t\t\t\t<\/div>\n\t\t\t\t<div class=\"elementor-element elementor-element-9e3e86b sc_fly_static elementor-widget elementor-widget-text-editor\" data-id=\"9e3e86b\" data-element_type=\"widget\" data-widget_type=\"text-editor.default\">\n\t\t\t\t\t\t\t\t\t<div class=\"legend-line review-line icon-orestoranu\"><ul><li>zlatna medalja, Sabatina 2017., Zadru\u017eni savez Dalmacije<\/li><li>zlatna medalja, Sabatina 2016., Zadru\u017eni savez Dalmacije<\/li><li>zlatna diploma, Dionizijana, Sajam GAST, Split, 2015.<\/li><li>zlatna diploma, Vino u tradiciji \u017eivljenja, Dubrova\u010dko-neretvanska \u017eupanija, 2011.<\/li><li>zlatna diploma, Vino u tradiciji \u017eivljenja, Dubrova\u010dko-neretvanska \u017eupanija, 2010.<\/li><\/ul><\/div>\t\t\t\t\t\t\t\t<\/div>\n\t\t\t\t<div class=\"elementor-element elementor-element-a8e4c06 elementor-widget-divider--view-line sc_fly_static elementor-widget elementor-widget-divider\" data-id=\"a8e4c06\" data-element_type=\"widget\" data-widget_type=\"divider.default\">\n\t\t\t\t\t\t\t<div class=\"elementor-divider\">\n\t\t\t<span class=\"elementor-divider-separator\">\n\t\t\t\t\t\t<\/span>\n\t\t<\/div>\n\t\t\t\t\t\t<\/div>\n\t\t\t\t<div class=\"elementor-element elementor-element-abe36f2 sc_fly_static elementor-widget elementor-widget-text-editor\" data-id=\"abe36f2\" data-element_type=\"widget\" data-widget_type=\"text-editor.default\">\n\t\t\t\t\t\t\t\t\t<div class=\"legend-line review-line icon-orestoranu\"><p>Vino je prekrasnih eteri\u010dnih mirisa sa crnim bobi\u010dastim vo\u0107em, prezrelom vi\u0161njom kao podlogom, te osvje\u017eavaju\u0107im notama suhe \u0161ljive. Nalazi se tu i puno drugih aroma, poput tamne \u010dokolade, duhana i gro\u017e\u0111a plavca malog. U ustima je vje\u0161to odmjerena svje\u017eina i snaga, tanini i slasti, ekstrat i kiselina. Trajanje vina u ustima je dugo, gdje na kraju osje\u0107amo zavr\u0161nu slast i \u010dvrsto\u0107u tanina. Posjeduje dobar potencijal za dozrijevanje i \u010duvanje u boci.<\/p><p>Sadr\u017ei 12,5 &#8211; 15 % alkohola. Najbolje ga je poslu\u017eiti uz te\u017ea jela, odnosno uz specijalitete od visoke divlja\u010di i uz najbolja jela od tamnog mesa te plave ribe. Vino servirati na 18 \u00b0C.<\/p><\/div>\t\t\t\t\t\t\t\t<\/div>\n\t\t\t\t\t<\/div>\n\t\t<\/div>\n\t\t\t\t<div class=\"elementor-column elementor-col-50 elementor-top-column elementor-element elementor-element-af2721a sc_content_align_inherit sc_layouts_column_icons_position_left sc_fly_static\" data-id=\"af2721a\" data-element_type=\"column\" data-settings=\"{&quot;background_background&quot;:&quot;classic&quot;}\">\n\t\t\t<div class=\"elementor-widget-wrap elementor-element-populated\">\n\t\t\t\t\t\t<div class=\"elementor-element elementor-element-f9b2058 sc_fly_static elementor-widget elementor-widget-image\" data-id=\"f9b2058\" data-element_type=\"widget\" data-widget_type=\"image.default\">\n\t\t\t\t\t\t\t\t\t\t\t\t\t\t\t<img decoding=\"async\" width=\"768\" height=\"1014\" src=\"https:\/\/studioeditori.com\/putnikovic\/wp-content\/uploads\/2022\/03\/Putnikovic_slk1-1-768x1014.jpg\" class=\"attachment-medium_large size-medium_large wp-image-20351\" alt=\"\" srcset=\"https:\/\/studioeditori.com\/putnikovic\/wp-content\/uploads\/2022\/03\/Putnikovic_slk1-1-768x1014.jpg 768w, https:\/\/studioeditori.com\/putnikovic\/wp-content\/uploads\/2022\/03\/Putnikovic_slk1-1-227x300.jpg 227w, https:\/\/studioeditori.com\/putnikovic\/wp-content\/uploads\/2022\/03\/Putnikovic_slk1-1-776x1024.jpg 776w, https:\/\/studioeditori.com\/putnikovic\/wp-content\/uploads\/2022\/03\/Putnikovic_slk1-1-370x488.jpg 370w, https:\/\/studioeditori.com\/putnikovic\/wp-content\/uploads\/2022\/03\/Putnikovic_slk1-1-840x1109.jpg 840w, https:\/\/studioeditori.com\/putnikovic\/wp-content\/uploads\/2022\/03\/Putnikovic_slk1-1-410x541.jpg 410w, https:\/\/studioeditori.com\/putnikovic\/wp-content\/uploads\/2022\/03\/Putnikovic_slk1-1-600x792.jpg 600w, https:\/\/studioeditori.com\/putnikovic\/wp-content\/uploads\/2022\/03\/Putnikovic_slk1-1.jpg 1000w\" sizes=\"(max-width: 768px) 100vw, 768px\" \/>\t\t\t\t\t\t\t\t\t\t\t\t\t\t\t<\/div>\n\t\t\t\t\t<\/div>\n\t\t<\/div>\n\t\t\t\t\t<\/div>\n\t\t<\/section>\n\t\t\t\t<\/div>\n\t\t","protected":false},"excerpt":{"rendered":"<p>2020 Lirica 0,75 l Lirica, 0,75 l, cijena: 13 eura, godina: 2020 Lirica je vrhunsko crno vino sorte plavac mali. Sorta: Plavac mali Tip vina: Vrhunsko suho crno vino Lokalitet:&hellip;<\/p>\n","protected":false},"author":1,"featured_media":0,"parent":20196,"menu_order":0,"comment_status":"closed","ping_status":"closed","template":"","meta":{"footnotes":""},"class_list":["post-20344","page","type-page","status-publish","hentry"],"_links":{"self":[{"href":"https:\/\/studioeditori.com\/putnikovic\/wp-json\/wp\/v2\/pages\/20344","targetHints":{"allow":["GET"]}}],"collection":[{"href":"https:\/\/studioeditori.com\/putnikovic\/wp-json\/wp\/v2\/pages"}],"about":[{"href":"https:\/\/studioeditori.com\/putnikovic\/wp-json\/wp\/v2\/types\/page"}],"author":[{"embeddable":true,"href":"https:\/\/studioeditori.com\/putnikovic\/wp-json\/wp\/v2\/users\/1"}],"replies":[{"embeddable":true,"href":"https:\/\/studioeditori.com\/putnikovic\/wp-json\/wp\/v2\/comments?post=20344"}],"version-history":[{"count":37,"href":"https:\/\/studioeditori.com\/putnikovic\/wp-json\/wp\/v2\/pages\/20344\/revisions"}],"predecessor-version":[{"id":20993,"href":"https:\/\/studioeditori.com\/putnikovic\/wp-json\/wp\/v2\/pages\/20344\/revisions\/20993"}],"up":[{"embeddable":true,"href":"https:\/\/studioeditori.com\/putnikovic\/wp-json\/wp\/v2\/pages\/20196"}],"wp:attachment":[{"href":"https:\/\/studioeditori.com\/putnikovic\/wp-json\/wp\/v2\/media?parent=20344"}],"curies":[{"name":"wp","href":"https:\/\/api.w.org\/{rel}","templated":true}]}}