{"id":20429,"date":"2022-03-29T15:33:28","date_gmt":"2022-03-29T15:33:28","guid":{"rendered":"https:\/\/studioeditori.com\/putnikovic\/?page_id=20429"},"modified":"2025-01-22T22:25:17","modified_gmt":"2025-01-22T22:25:17","slug":"muzejsko-vino","status":"publish","type":"page","link":"https:\/\/studioeditori.com\/putnikovic\/vrhunska-crna-vina\/muzejsko-vino\/","title":{"rendered":"Muzejsko vino"},"content":{"rendered":"\t\t<div data-elementor-type=\"wp-page\" data-elementor-id=\"20429\" class=\"elementor elementor-20429\" data-elementor-post-type=\"page\">\n\t\t\t\t\t\t<section class=\"elementor-section-with-custom-width elementor-section elementor-top-section elementor-element elementor-element-5950d8c9 elementor-section-stretched elementor-reverse-mobile elementor-section-content-middle elementor-section-boxed elementor-section-height-default elementor-section-height-default sc_fly_static\" data-id=\"5950d8c9\" data-element_type=\"section\" data-settings=\"{&quot;stretch_section&quot;:&quot;section-stretched&quot;,&quot;background_background&quot;:&quot;classic&quot;}\">\n\t\t\t\t\t\t<div class=\"elementor-container elementor-column-gap-no\">\n\t\t\t\t\t<div class=\"elementor-column elementor-col-50 elementor-top-column elementor-element elementor-element-5a75bac4 sc_content_align_inherit sc_layouts_column_icons_position_left sc_fly_static\" data-id=\"5a75bac4\" data-element_type=\"column\">\n\t\t\t<div class=\"elementor-widget-wrap elementor-element-populated\">\n\t\t\t\t\t\t<section class=\"elementor-section elementor-inner-section elementor-element elementor-element-d8af090 elementor-section-content-middle elementor-section-boxed elementor-section-height-default elementor-section-height-default sc_fly_static\" data-id=\"d8af090\" data-element_type=\"section\">\n\t\t\t\t\t\t<div class=\"elementor-container elementor-column-gap-no\">\n\t\t\t\t\t<div class=\"elementor-column elementor-col-100 elementor-inner-column elementor-element elementor-element-35bbdac sc_content_align_inherit sc_layouts_column_icons_position_left sc_fly_static\" data-id=\"35bbdac\" data-element_type=\"column\">\n\t\t\t<div class=\"elementor-widget-wrap elementor-element-populated\">\n\t\t\t\t\t\t<div class=\"elementor-element elementor-element-c6d9113 sc_fly_static elementor-widget elementor-widget-image\" data-id=\"c6d9113\" data-element_type=\"widget\" data-widget_type=\"image.default\">\n\t\t\t\t\t\t\t\t\t\t\t\t\t\t\t<img fetchpriority=\"high\" decoding=\"async\" width=\"684\" height=\"1024\" src=\"https:\/\/studioeditori.com\/putnikovic\/wp-content\/uploads\/2022\/03\/muzej-684x1024.png\" class=\"attachment-large size-large wp-image-20385\" alt=\"\" srcset=\"https:\/\/studioeditori.com\/putnikovic\/wp-content\/uploads\/2022\/03\/muzej-684x1024.png 684w, https:\/\/studioeditori.com\/putnikovic\/wp-content\/uploads\/2022\/03\/muzej-200x300.png 200w, https:\/\/studioeditori.com\/putnikovic\/wp-content\/uploads\/2022\/03\/muzej-768x1151.png 768w, https:\/\/studioeditori.com\/putnikovic\/wp-content\/uploads\/2022\/03\/muzej-1025x1536.png 1025w, https:\/\/studioeditori.com\/putnikovic\/wp-content\/uploads\/2022\/03\/muzej-1367x2048.png 1367w, https:\/\/studioeditori.com\/putnikovic\/wp-content\/uploads\/2022\/03\/muzej-370x554.png 370w, https:\/\/studioeditori.com\/putnikovic\/wp-content\/uploads\/2022\/03\/muzej-840x1258.png 840w, https:\/\/studioeditori.com\/putnikovic\/wp-content\/uploads\/2022\/03\/muzej-410x614.png 410w, https:\/\/studioeditori.com\/putnikovic\/wp-content\/uploads\/2022\/03\/muzej-600x899.png 600w, https:\/\/studioeditori.com\/putnikovic\/wp-content\/uploads\/2022\/03\/muzej.png 1600w\" sizes=\"(max-width: 684px) 100vw, 684px\" \/>\t\t\t\t\t\t\t\t\t\t\t\t\t\t\t<\/div>\n\t\t\t\t\t<\/div>\n\t\t<\/div>\n\t\t\t\t\t<\/div>\n\t\t<\/section>\n\t\t\t\t\t<\/div>\n\t\t<\/div>\n\t\t\t\t<div class=\"elementor-column elementor-col-50 elementor-top-column elementor-element elementor-element-2a863cad sc_content_align_inherit sc_layouts_column_icons_position_left sc_fly_static\" data-id=\"2a863cad\" data-element_type=\"column\" data-settings=\"{&quot;background_background&quot;:&quot;classic&quot;}\">\n\t\t\t<div class=\"elementor-widget-wrap elementor-element-populated\">\n\t\t\t\t\t\t<div class=\"elementor-element elementor-element-70b37b82 sc_fly_static elementor-widget elementor-widget-heading\" data-id=\"70b37b82\" data-element_type=\"widget\" data-widget_type=\"heading.default\">\n\t\t\t\t\t<p class=\"elementor-heading-title elementor-size-default\">2018<\/p>\t\t\t\t<\/div>\n\t\t\t\t<div class=\"elementor-element elementor-element-1140c84e sc_fly_static elementor-widget elementor-widget-heading\" data-id=\"1140c84e\" data-element_type=\"widget\" data-widget_type=\"heading.default\">\n\t\t\t\t\t<h2 class=\"elementor-heading-title elementor-size-default\">Muzejsko vino 0,75 l\n<\/h2>\t\t\t\t<\/div>\n\t\t\t\t<div class=\"elementor-element elementor-element-36cc89f sc_fly_static elementor-widget elementor-widget-text-editor\" data-id=\"36cc89f\" data-element_type=\"widget\" data-widget_type=\"text-editor.default\">\n\t\t\t\t\t\t\t\t\t<p>Muzejsko vino,\u00a0 0,75 l, cijena:\u00a0 35 eura, godina: 2018<\/p>\t\t\t\t\t\t\t\t<\/div>\n\t\t\t\t<div class=\"elementor-element elementor-element-1b14d4a sc_fly_static elementor-widget elementor-widget-text-editor\" data-id=\"1b14d4a\" data-element_type=\"widget\" data-widget_type=\"text-editor.default\">\n\t\t\t\t\t\t\t\t\t<p>Vino je najbolje konzumirati sa zrelim sirevima, crvenim mesom i divlja\u010di.<\/p>\t\t\t\t\t\t\t\t<\/div>\n\t\t\t\t<div class=\"elementor-element elementor-element-a25e6e9 sc_fly_static elementor-widget elementor-widget-text-editor\" data-id=\"a25e6e9\" data-element_type=\"widget\" data-widget_type=\"text-editor.default\">\n\t\t\t\t\t\t\t\t\t<table class=\"woocommerce-product-attributes shop_attributes table\">\n<tbody>\n<tr class=\"woocommerce-product-attributes-item woocommerce-product-attributes-item--attribute_tip-vina\">\n<th class=\"woocommerce-product-attributes-item__label\">Sorta:<\/th>\n<td class=\"woocommerce-product-attributes-item__value\">Plavac mali<\/td>\n<\/tr>\n<tr class=\"woocommerce-product-attributes-item woocommerce-product-attributes-item--attribute_sorta\">\n<th class=\"woocommerce-product-attributes-item__label\">Tip vina:<\/th>\n<td class=\"woocommerce-product-attributes-item__value\">Vrhunsko suho crno vino<\/td>\n<\/tr>\n<tr class=\"woocommerce-product-attributes-item woocommerce-product-attributes-item--attribute_godina\">\n<th class=\"woocommerce-product-attributes-item__label\">Lokalitet:<\/th>\n<td class=\"woocommerce-product-attributes-item__value\">\n<p class=\"Standard\">Ponikve i \u017duljana<\/p>\n<\/td>\n<\/tr>\n<tr class=\"woocommerce-product-attributes-item woocommerce-product-attributes-item--attribute_alkohol\">\n<th class=\"woocommerce-product-attributes-item__label\">Boja:<\/th>\n<td class=\"woocommerce-product-attributes-item__value\">Tamnocrvena rubin<\/td>\n<\/tr>\n<tr class=\"woocommerce-product-attributes-item woocommerce-product-attributes-item--attribute_sadr%c5%beaj\">\n<th class=\"woocommerce-product-attributes-item__label\">Opis:<\/th>\n<td class=\"woocommerce-product-attributes-item__value\">Robusno, visokih tanina, dugog zavr\u0161etka<\/td>\n<\/tr>\n<tr class=\"woocommerce-product-attributes-item woocommerce-product-attributes-item--attribute_lokalitet\">\n<th class=\"woocommerce-product-attributes-item__label\">Okus:<\/th>\n<td class=\"woocommerce-product-attributes-item__value\">Tamno vo\u0107e, prezrela vi\u0161nja, tamna \u010dokolada, ko\u017ea<\/td>\n<\/tr>\n<tr class=\"woocommerce-product-attributes-item woocommerce-product-attributes-item--attribute_lokalitet\">\n<th class=\"woocommerce-product-attributes-item__label\">Alkohol:<\/th>\n<td class=\"woocommerce-product-attributes-item__value\">15,0 %<\/td>\n<\/tr>\n<tr class=\"woocommerce-product-attributes-item woocommerce-product-attributes-item--attribute_lokalitet\">\n<th class=\"woocommerce-product-attributes-item__label\">Ostatak \u0161e\u0107era:<\/th>\n<td class=\"woocommerce-product-attributes-item__value\">&lt;2<\/td>\n<\/tr>\n<tr>\n<th>Tijelo:<\/th>\n<td>Puno<\/td>\n<\/tr>\n<tr>\n<th>Vinifikacija:<\/th>\n<td>Maceracija 7-14 dana<\/td>\n<\/tr>\n<tr>\n<th>Dozrijevanje:<\/th>\n<td>30 mjeseci u inoks i drvenim ba\u010dvama, 6 mjeseci u boci<\/td>\n<\/tr>\n<tr>\n<th>Prijedlozi serviranja:<\/th>\n<td>Tamno meso, divlja\u010d, zreli sir<\/td>\n<\/tr>\n<tr>\n<th>Temperatura konzumacije:<\/th>\n<td>16-18 \u00b0C<\/td>\n<\/tr>\n<tr>\n<th>Zanimljivosti:<\/th>\n<td>\nGro\u017e\u0111e se bere isklju\u010divo u manje gajbe, u vrijeme optimalne polifenolne zriobe bobica.Limitirana edicija, bere se s najstarijih nasada.\nZa\u0161ti\u0107ena oznaka izvornosti\n<\/td>\n<\/tr>\n<\/tbody>\n<\/table>\t\t\t\t\t\t\t\t<\/div>\n\t\t\t\t<div class=\"elementor-element elementor-element-8d20e37 sc_fly_static elementor-widget elementor-widget-spacer\" data-id=\"8d20e37\" data-element_type=\"widget\" data-widget_type=\"spacer.default\">\n\t\t\t\t\t\t\t<div class=\"elementor-spacer\">\n\t\t\t<div class=\"elementor-spacer-inner\"><\/div>\n\t\t<\/div>\n\t\t\t\t\t\t<\/div>\n\t\t\t\t<div class=\"elementor-element elementor-element-618896c sc_fly_static elementor-widget elementor-widget-wc-add-to-cart\" data-id=\"618896c\" data-element_type=\"widget\" data-widget_type=\"wc-add-to-cart.default\">\n\t\t\t\t\t\t\t\t\t\t<a rel=\"nofollow\" href=\"?add-to-cart=20752\" data-quantity=\"1\" data-product_id=\"20752\" class=\"product_type_simple add_to_cart_button ajax_add_to_cart elementor-button elementor-size-lg\" role=\"button\">\n\t\t\t\t\t\t<span class=\"elementor-button-content-wrapper\">\n\t\t\t\t\t\t\t\t\t<span class=\"elementor-button-text\">KUPI<\/span>\n\t\t\t\t\t<\/span>\n\t\t\t\t\t<\/a>\n\t\t\t\t\t\t\t\t<\/div>\n\t\t\t\t\t<\/div>\n\t\t<\/div>\n\t\t\t\t\t<\/div>\n\t\t<\/section>\n\t\t\t\t<section class=\"elementor-section elementor-top-section elementor-element elementor-element-e8c8fcd elementor-section-boxed elementor-section-height-default elementor-section-height-default sc_fly_static\" data-id=\"e8c8fcd\" data-element_type=\"section\">\n\t\t\t\t\t\t<div class=\"elementor-container elementor-column-gap-extended\">\n\t\t\t\t\t<div class=\"elementor-column elementor-col-100 elementor-top-column elementor-element elementor-element-af8d1a9 sc_content_align_inherit sc_layouts_column_icons_position_left sc_fly_static\" data-id=\"af8d1a9\" data-element_type=\"column\">\n\t\t\t<div class=\"elementor-widget-wrap elementor-element-populated\">\n\t\t\t\t\t\t<div class=\"elementor-element elementor-element-73bb3d0 sc_fly_static elementor-widget elementor-widget-heading\" data-id=\"73bb3d0\" data-element_type=\"widget\" data-widget_type=\"heading.default\">\n\t\t\t\t\t<p class=\"elementor-heading-title elementor-size-default\">Opis vina<\/p>\t\t\t\t<\/div>\n\t\t\t\t<div class=\"elementor-element elementor-element-6c39c14 sc_fly_static elementor-widget elementor-widget-heading\" data-id=\"6c39c14\" data-element_type=\"widget\" data-widget_type=\"heading.default\">\n\t\t\t\t\t<h2 class=\"elementor-heading-title elementor-size-default\">Muzejsko vino<\/h2>\t\t\t\t<\/div>\n\t\t\t\t<section class=\"elementor-section elementor-inner-section elementor-element elementor-element-39d975a elementor-section-boxed elementor-section-height-default elementor-section-height-default sc_fly_static\" data-id=\"39d975a\" data-element_type=\"section\">\n\t\t\t\t\t\t<div class=\"elementor-container elementor-column-gap-extended\">\n\t\t\t\t\t<div class=\"elementor-column elementor-col-100 elementor-inner-column elementor-element elementor-element-1e43ee6 sc_content_align_inherit sc_layouts_column_icons_position_left sc_fly_static\" data-id=\"1e43ee6\" data-element_type=\"column\">\n\t\t\t<div class=\"elementor-widget-wrap elementor-element-populated\">\n\t\t\t\t\t\t<div class=\"elementor-element elementor-element-0d133d5 sc_fly_static elementor-widget elementor-widget-text-editor\" data-id=\"0d133d5\" data-element_type=\"widget\" data-widget_type=\"text-editor.default\">\n\t\t\t\t\t\t\t\t\t<p>Zbog specifi\u010dnosti polo\u017eaja i nagnutog terena svi se poslovi u vinogradu obavljaju ru\u010dno.<\/p><p>Vino je od selekcije gro\u017e\u0111a sorte plavac mali s najboljih polo\u017eaja u okolici mjesta \u017duljana i Ponikve. Vinogradi iz kojih dolazi gro\u017e\u0111e za ovo vino stari su vi\u0161e od 40 godina. Radi se o tipi\u010dnim polo\u017eajima s vapnena\u010dkim tlima s dosta kamena, specifi\u010dne bijele boje (tzv. &#8220;mujara&#8221;). Zbog autohtonosti sorte i ekolo\u0161kih uvjeta proizvodnje, potreba za za\u0161titom je minimalna.<\/p><p>Gro\u017e\u0111e se bere isklju\u010divo u gajbe od 10-15 kg, u vrijeme optimalne polifenolne zriobe bobica. Gro\u017e\u0111e fermentira u inox vinifikatorima. Maceracija je 7-14 dana. Nakon fermentacije, vino dozrijeva u inox tankovima 30 mjeseci, a nakon punjenja odle\u017eava 6 mjeseci u boci.<\/p>\t\t\t\t\t\t\t\t<\/div>\n\t\t\t\t\t<\/div>\n\t\t<\/div>\n\t\t\t\t\t<\/div>\n\t\t<\/section>\n\t\t\t\t\t<\/div>\n\t\t<\/div>\n\t\t\t\t\t<\/div>\n\t\t<\/section>\n\t\t\t\t<\/div>\n\t\t","protected":false},"excerpt":{"rendered":"<p>2018 Muzejsko vino 0,75 l Muzejsko vino,\u00a0 0,75 l, cijena:\u00a0 35 eura, godina: 2018 Vino je najbolje konzumirati sa zrelim sirevima, crvenim mesom i divlja\u010di. Sorta: Plavac mali Tip vina:&hellip;<\/p>\n","protected":false},"author":1,"featured_media":0,"parent":20196,"menu_order":0,"comment_status":"closed","ping_status":"closed","template":"","meta":{"footnotes":""},"class_list":["post-20429","page","type-page","status-publish","hentry"],"_links":{"self":[{"href":"https:\/\/studioeditori.com\/putnikovic\/wp-json\/wp\/v2\/pages\/20429","targetHints":{"allow":["GET"]}}],"collection":[{"href":"https:\/\/studioeditori.com\/putnikovic\/wp-json\/wp\/v2\/pages"}],"about":[{"href":"https:\/\/studioeditori.com\/putnikovic\/wp-json\/wp\/v2\/types\/page"}],"author":[{"embeddable":true,"href":"https:\/\/studioeditori.com\/putnikovic\/wp-json\/wp\/v2\/users\/1"}],"replies":[{"embeddable":true,"href":"https:\/\/studioeditori.com\/putnikovic\/wp-json\/wp\/v2\/comments?post=20429"}],"version-history":[{"count":54,"href":"https:\/\/studioeditori.com\/putnikovic\/wp-json\/wp\/v2\/pages\/20429\/revisions"}],"predecessor-version":[{"id":20990,"href":"https:\/\/studioeditori.com\/putnikovic\/wp-json\/wp\/v2\/pages\/20429\/revisions\/20990"}],"up":[{"embeddable":true,"href":"https:\/\/studioeditori.com\/putnikovic\/wp-json\/wp\/v2\/pages\/20196"}],"wp:attachment":[{"href":"https:\/\/studioeditori.com\/putnikovic\/wp-json\/wp\/v2\/media?parent=20429"}],"curies":[{"name":"wp","href":"https:\/\/api.w.org\/{rel}","templated":true}]}}