{"id":20484,"date":"2022-03-29T18:55:49","date_gmt":"2022-03-29T18:55:49","guid":{"rendered":"https:\/\/studioeditori.com\/putnikovic\/?page_id=20484"},"modified":"2025-01-22T22:34:06","modified_gmt":"2025-01-22T22:34:06","slug":"plavac-barrique","status":"publish","type":"page","link":"https:\/\/studioeditori.com\/putnikovic\/crna-vina\/plavac-barrique\/","title":{"rendered":"Plavac Barrique"},"content":{"rendered":"\t\t<div data-elementor-type=\"wp-page\" data-elementor-id=\"20484\" class=\"elementor elementor-20484\" data-elementor-post-type=\"page\">\n\t\t\t\t\t\t<section class=\"elementor-section-with-custom-width elementor-section elementor-top-section elementor-element elementor-element-5950d8c9 elementor-section-stretched elementor-reverse-mobile elementor-section-content-middle elementor-section-boxed elementor-section-height-default elementor-section-height-default sc_fly_static\" data-id=\"5950d8c9\" data-element_type=\"section\" data-settings=\"{&quot;stretch_section&quot;:&quot;section-stretched&quot;,&quot;background_background&quot;:&quot;classic&quot;}\">\n\t\t\t\t\t\t<div class=\"elementor-container elementor-column-gap-no\">\n\t\t\t\t\t<div class=\"elementor-column elementor-col-50 elementor-top-column elementor-element elementor-element-5a75bac4 sc_content_align_inherit sc_layouts_column_icons_position_left sc_fly_static\" data-id=\"5a75bac4\" data-element_type=\"column\">\n\t\t\t<div class=\"elementor-widget-wrap elementor-element-populated\">\n\t\t\t\t\t\t<section class=\"elementor-section elementor-inner-section elementor-element elementor-element-d8af090 elementor-section-content-middle elementor-section-boxed elementor-section-height-default elementor-section-height-default sc_fly_static\" data-id=\"d8af090\" data-element_type=\"section\">\n\t\t\t\t\t\t<div class=\"elementor-container elementor-column-gap-no\">\n\t\t\t\t\t<div class=\"elementor-column elementor-col-100 elementor-inner-column elementor-element elementor-element-35bbdac sc_content_align_inherit sc_layouts_column_icons_position_left sc_fly_static\" data-id=\"35bbdac\" data-element_type=\"column\">\n\t\t\t<div class=\"elementor-widget-wrap elementor-element-populated\">\n\t\t\t\t\t\t<div class=\"elementor-element elementor-element-c6d9113 sc_fly_static elementor-widget elementor-widget-image\" data-id=\"c6d9113\" data-element_type=\"widget\" data-widget_type=\"image.default\">\n\t\t\t\t\t\t\t\t\t\t\t\t\t\t\t<img fetchpriority=\"high\" decoding=\"async\" width=\"682\" height=\"1024\" src=\"https:\/\/studioeditori.com\/putnikovic\/wp-content\/uploads\/2025\/01\/plavac-barrique-prednja-1-682x1024.jpg\" class=\"attachment-large size-large wp-image-21000\" alt=\"\" srcset=\"https:\/\/studioeditori.com\/putnikovic\/wp-content\/uploads\/2025\/01\/plavac-barrique-prednja-1-682x1024.jpg 682w, https:\/\/studioeditori.com\/putnikovic\/wp-content\/uploads\/2025\/01\/plavac-barrique-prednja-1-200x300.jpg 200w, https:\/\/studioeditori.com\/putnikovic\/wp-content\/uploads\/2025\/01\/plavac-barrique-prednja-1-768x1154.jpg 768w, https:\/\/studioeditori.com\/putnikovic\/wp-content\/uploads\/2025\/01\/plavac-barrique-prednja-1-370x556.jpg 370w, https:\/\/studioeditori.com\/putnikovic\/wp-content\/uploads\/2025\/01\/plavac-barrique-prednja-1-840x1262.jpg 840w, https:\/\/studioeditori.com\/putnikovic\/wp-content\/uploads\/2025\/01\/plavac-barrique-prednja-1-410x616.jpg 410w, https:\/\/studioeditori.com\/putnikovic\/wp-content\/uploads\/2025\/01\/plavac-barrique-prednja-1-600x901.jpg 600w, https:\/\/studioeditori.com\/putnikovic\/wp-content\/uploads\/2025\/01\/plavac-barrique-prednja-1.jpg 852w\" sizes=\"(max-width: 682px) 100vw, 682px\" \/>\t\t\t\t\t\t\t\t\t\t\t\t\t\t\t<\/div>\n\t\t\t\t<div class=\"elementor-element elementor-element-b05d076 sc_fly_static elementor-widget elementor-widget-image\" data-id=\"b05d076\" data-element_type=\"widget\" data-widget_type=\"image.default\">\n\t\t\t\t\t\t\t\t\t\t\t\t\t\t\t<img decoding=\"async\" width=\"682\" height=\"1024\" src=\"https:\/\/studioeditori.com\/putnikovic\/wp-content\/uploads\/2025\/01\/plavac-baarique-zadnja-1-682x1024.jpg\" class=\"attachment-large size-large wp-image-21001\" alt=\"\" srcset=\"https:\/\/studioeditori.com\/putnikovic\/wp-content\/uploads\/2025\/01\/plavac-baarique-zadnja-1-682x1024.jpg 682w, https:\/\/studioeditori.com\/putnikovic\/wp-content\/uploads\/2025\/01\/plavac-baarique-zadnja-1-200x300.jpg 200w, https:\/\/studioeditori.com\/putnikovic\/wp-content\/uploads\/2025\/01\/plavac-baarique-zadnja-1-768x1154.jpg 768w, https:\/\/studioeditori.com\/putnikovic\/wp-content\/uploads\/2025\/01\/plavac-baarique-zadnja-1-370x556.jpg 370w, https:\/\/studioeditori.com\/putnikovic\/wp-content\/uploads\/2025\/01\/plavac-baarique-zadnja-1-840x1262.jpg 840w, https:\/\/studioeditori.com\/putnikovic\/wp-content\/uploads\/2025\/01\/plavac-baarique-zadnja-1-410x616.jpg 410w, https:\/\/studioeditori.com\/putnikovic\/wp-content\/uploads\/2025\/01\/plavac-baarique-zadnja-1-600x901.jpg 600w, https:\/\/studioeditori.com\/putnikovic\/wp-content\/uploads\/2025\/01\/plavac-baarique-zadnja-1.jpg 852w\" sizes=\"(max-width: 682px) 100vw, 682px\" \/>\t\t\t\t\t\t\t\t\t\t\t\t\t\t\t<\/div>\n\t\t\t\t\t<\/div>\n\t\t<\/div>\n\t\t\t\t\t<\/div>\n\t\t<\/section>\n\t\t\t\t\t<\/div>\n\t\t<\/div>\n\t\t\t\t<div class=\"elementor-column elementor-col-50 elementor-top-column elementor-element elementor-element-2a863cad sc_content_align_inherit sc_layouts_column_icons_position_left sc_fly_static\" data-id=\"2a863cad\" data-element_type=\"column\" data-settings=\"{&quot;background_background&quot;:&quot;classic&quot;}\">\n\t\t\t<div class=\"elementor-widget-wrap elementor-element-populated\">\n\t\t\t\t\t\t<div class=\"elementor-element elementor-element-70b37b82 sc_fly_static elementor-widget elementor-widget-heading\" data-id=\"70b37b82\" data-element_type=\"widget\" data-widget_type=\"heading.default\">\n\t\t\t\t\t<p class=\"elementor-heading-title elementor-size-default\">2022<\/p>\t\t\t\t<\/div>\n\t\t\t\t<div class=\"elementor-element elementor-element-1140c84e sc_fly_static elementor-widget elementor-widget-heading\" data-id=\"1140c84e\" data-element_type=\"widget\" data-widget_type=\"heading.default\">\n\t\t\t\t\t<h2 class=\"elementor-heading-title elementor-size-default\">Plavac Barrique<\/h2>\t\t\t\t<\/div>\n\t\t\t\t<div class=\"elementor-element elementor-element-36cc89f sc_fly_static elementor-widget elementor-widget-text-editor\" data-id=\"36cc89f\" data-element_type=\"widget\" data-widget_type=\"text-editor.default\">\n\t\t\t\t\t\t\t\t\t<p class=\"Standard\">Plavac Barrique, 0,75 l, cijena: 10 eura, godina: 2022<\/p>\t\t\t\t\t\t\t\t<\/div>\n\t\t\t\t<div class=\"elementor-element elementor-element-1f662d3 sc_fly_static elementor-widget elementor-widget-text-editor\" data-id=\"1f662d3\" data-element_type=\"widget\" data-widget_type=\"text-editor.default\">\n\t\t\t\t\t\t\t\t\t<p>Karakterizira ga tamna rubin boja, karakteristi\u010dna aroma plavca oboga\u0107ena blagom aromom drva.<\/p>\t\t\t\t\t\t\t\t<\/div>\n\t\t\t\t<div class=\"elementor-element elementor-element-4946383 sc_fly_static elementor-widget elementor-widget-text-editor\" data-id=\"4946383\" data-element_type=\"widget\" data-widget_type=\"text-editor.default\">\n\t\t\t\t\t\t\t\t\t<table class=\"woocommerce-product-attributes shop_attributes table\"><tbody><tr class=\"woocommerce-product-attributes-item woocommerce-product-attributes-item--attribute_tip-vina\"><th class=\"woocommerce-product-attributes-item__label\">Sorta:<\/th><td class=\"woocommerce-product-attributes-item__value\">Plavac mali<\/td><\/tr><tr class=\"woocommerce-product-attributes-item woocommerce-product-attributes-item--attribute_sorta\"><th class=\"woocommerce-product-attributes-item__label\">Tip vina:<\/th><td class=\"woocommerce-product-attributes-item__value\">Kvalitetno suho crno vino<\/td><\/tr><tr class=\"woocommerce-product-attributes-item woocommerce-product-attributes-item--attribute_godina\"><th class=\"woocommerce-product-attributes-item__label\">Lokalitet:<\/th><td class=\"woocommerce-product-attributes-item__value\">Putnikovi\u0107<\/td><\/tr><tr class=\"woocommerce-product-attributes-item woocommerce-product-attributes-item--attribute_alkohol\"><th class=\"woocommerce-product-attributes-item__label\">Boja:<\/th><td class=\"woocommerce-product-attributes-item__value\">Tamno rubin crvena<\/td><\/tr><tr class=\"woocommerce-product-attributes-item woocommerce-product-attributes-item--attribute_sadr%c5%beaj\"><th class=\"woocommerce-product-attributes-item__label\">Opis:<\/th><td class=\"woocommerce-product-attributes-item__value\">Vino s aromom drva<\/td><\/tr><tr class=\"woocommerce-product-attributes-item woocommerce-product-attributes-item--attribute_lokalitet\"><th class=\"woocommerce-product-attributes-item__label\">Okus:<\/th><td class=\"woocommerce-product-attributes-item__value\">Crveno bobi\u010dasto vo\u0107e, vanilija, hrbobi\u010dasto vo\u0107e i suhe \u0161ljive<\/td><\/tr><tr class=\"woocommerce-product-attributes-item woocommerce-product-attributes-item--attribute_lokalitet\"><th class=\"woocommerce-product-attributes-item__label\">Alkohol:<\/th><td class=\"woocommerce-product-attributes-item__value\">13 %<\/td><\/tr><tr class=\"woocommerce-product-attributes-item woocommerce-product-attributes-item--attribute_lokalitet\"><th class=\"woocommerce-product-attributes-item__label\">Ostatak \u0161e\u0107era:<\/th><td class=\"woocommerce-product-attributes-item__value\">&lt;2<\/td><\/tr><tr><th>Tijelo:<\/th><td>Puno<\/td><\/tr><tr><th>Vinifikacija:<\/th><td>Maceracija 5 dana, fermentacija 10 dana<\/td><\/tr><tr><th>Dozrijevanje:<\/th><td>6 mjeseci u boci<\/td><\/tr><tr><th>Prijedlozi serviranja:<\/th><td>Meso, riba, pasta<\/td><\/tr><tr><th>Temperatura konzumacije:<\/th><td>18-20 \u00b0C<\/td><\/tr><tr><th>Zanimljivosti:<\/th><td>Vino je nazvano u \u010dast Pelje\u0161kog mosta.<br \/>Za\u0161ti\u0107ena oznaka izvornosti<\/td><\/tr><\/tbody><\/table>\t\t\t\t\t\t\t\t<\/div>\n\t\t\t\t<div class=\"elementor-element elementor-element-26494f7 sc_fly_static elementor-widget elementor-widget-spacer\" data-id=\"26494f7\" data-element_type=\"widget\" data-widget_type=\"spacer.default\">\n\t\t\t\t\t\t\t<div class=\"elementor-spacer\">\n\t\t\t<div class=\"elementor-spacer-inner\"><\/div>\n\t\t<\/div>\n\t\t\t\t\t\t<\/div>\n\t\t\t\t<div class=\"elementor-element elementor-element-ee9e590 sc_fly_static elementor-widget elementor-widget-wc-add-to-cart\" data-id=\"ee9e590\" data-element_type=\"widget\" data-widget_type=\"wc-add-to-cart.default\">\n\t\t\t\t\t\t\t\t\t\t<a rel=\"nofollow\" href=\"?add-to-cart=20784\" data-quantity=\"1\" data-product_id=\"20784\" class=\"product_type_simple add_to_cart_button ajax_add_to_cart elementor-button elementor-size-lg\" role=\"button\">\n\t\t\t\t\t\t<span class=\"elementor-button-content-wrapper\">\n\t\t\t\t\t\t\t\t\t<span class=\"elementor-button-text\">KUPI<\/span>\n\t\t\t\t\t<\/span>\n\t\t\t\t\t<\/a>\n\t\t\t\t\t\t\t\t<\/div>\n\t\t\t\t\t<\/div>\n\t\t<\/div>\n\t\t\t\t\t<\/div>\n\t\t<\/section>\n\t\t\t\t<section class=\"elementor-section elementor-top-section elementor-element elementor-element-e8c8fcd elementor-section-boxed elementor-section-height-default elementor-section-height-default sc_fly_static\" data-id=\"e8c8fcd\" data-element_type=\"section\">\n\t\t\t\t\t\t<div class=\"elementor-container elementor-column-gap-extended\">\n\t\t\t\t\t<div class=\"elementor-column elementor-col-100 elementor-top-column elementor-element elementor-element-af8d1a9 sc_content_align_inherit sc_layouts_column_icons_position_left sc_fly_static\" data-id=\"af8d1a9\" data-element_type=\"column\">\n\t\t\t<div class=\"elementor-widget-wrap elementor-element-populated\">\n\t\t\t\t\t\t<div class=\"elementor-element elementor-element-73bb3d0 sc_fly_static elementor-widget elementor-widget-heading\" data-id=\"73bb3d0\" data-element_type=\"widget\" data-widget_type=\"heading.default\">\n\t\t\t\t\t<p class=\"elementor-heading-title elementor-size-default\">Opis vina<\/p>\t\t\t\t<\/div>\n\t\t\t\t<div class=\"elementor-element elementor-element-6c39c14 sc_fly_static elementor-widget elementor-widget-heading\" data-id=\"6c39c14\" data-element_type=\"widget\" data-widget_type=\"heading.default\">\n\t\t\t\t\t<h2 class=\"elementor-heading-title elementor-size-default\">Plavac Barrique<\/h2>\t\t\t\t<\/div>\n\t\t\t\t<section class=\"elementor-section elementor-inner-section elementor-element elementor-element-39d975a elementor-section-boxed elementor-section-height-default elementor-section-height-default sc_fly_static\" data-id=\"39d975a\" data-element_type=\"section\">\n\t\t\t\t\t\t<div class=\"elementor-container elementor-column-gap-extended\">\n\t\t\t\t\t<div class=\"elementor-column elementor-col-100 elementor-inner-column elementor-element elementor-element-1e43ee6 sc_content_align_inherit sc_layouts_column_icons_position_left sc_fly_static\" data-id=\"1e43ee6\" data-element_type=\"column\">\n\t\t\t<div class=\"elementor-widget-wrap elementor-element-populated\">\n\t\t\t\t\t\t<div class=\"elementor-element elementor-element-0d133d5 sc_fly_static elementor-widget elementor-widget-text-editor\" data-id=\"0d133d5\" data-element_type=\"widget\" data-widget_type=\"text-editor.default\">\n\t\t\t\t\t\t\t\t\t<p>Plavac Barrique je kvalitetno crno vino sorte plavac mali odle\u017ealo u drvenim hrastovim ba\u010dvicama. Karakterizira ga tamna rubin boja, karakteristi\u010dna aroma plavca oboga\u0107ena blagom aromom drva.<\/p><p>Karakterizira ga tamna rubin boja, karakteristi\u010dna aroma plavca oboga\u0107ena blagom aromom drva. Najbolje se sljubljuje s mesnim jelima te plavom ribom. Servira se pri sobnoj temperaturi.<\/p>\t\t\t\t\t\t\t\t<\/div>\n\t\t\t\t\t<\/div>\n\t\t<\/div>\n\t\t\t\t\t<\/div>\n\t\t<\/section>\n\t\t\t\t\t<\/div>\n\t\t<\/div>\n\t\t\t\t\t<\/div>\n\t\t<\/section>\n\t\t\t\t<\/div>\n\t\t","protected":false},"excerpt":{"rendered":"<p>2022 Plavac Barrique Plavac Barrique, 0,75 l, cijena: 10 eura, godina: 2022 Karakterizira ga tamna rubin boja, karakteristi\u010dna aroma plavca oboga\u0107ena blagom aromom drva. Sorta: Plavac mali Tip vina: Kvalitetno&hellip;<\/p>\n","protected":false},"author":1,"featured_media":0,"parent":20370,"menu_order":0,"comment_status":"closed","ping_status":"closed","template":"","meta":{"footnotes":""},"class_list":["post-20484","page","type-page","status-publish","hentry"],"_links":{"self":[{"href":"https:\/\/studioeditori.com\/putnikovic\/wp-json\/wp\/v2\/pages\/20484","targetHints":{"allow":["GET"]}}],"collection":[{"href":"https:\/\/studioeditori.com\/putnikovic\/wp-json\/wp\/v2\/pages"}],"about":[{"href":"https:\/\/studioeditori.com\/putnikovic\/wp-json\/wp\/v2\/types\/page"}],"author":[{"embeddable":true,"href":"https:\/\/studioeditori.com\/putnikovic\/wp-json\/wp\/v2\/users\/1"}],"replies":[{"embeddable":true,"href":"https:\/\/studioeditori.com\/putnikovic\/wp-json\/wp\/v2\/comments?post=20484"}],"version-history":[{"count":13,"href":"https:\/\/studioeditori.com\/putnikovic\/wp-json\/wp\/v2\/pages\/20484\/revisions"}],"predecessor-version":[{"id":21004,"href":"https:\/\/studioeditori.com\/putnikovic\/wp-json\/wp\/v2\/pages\/20484\/revisions\/21004"}],"up":[{"embeddable":true,"href":"https:\/\/studioeditori.com\/putnikovic\/wp-json\/wp\/v2\/pages\/20370"}],"wp:attachment":[{"href":"https:\/\/studioeditori.com\/putnikovic\/wp-json\/wp\/v2\/media?parent=20484"}],"curies":[{"name":"wp","href":"https:\/\/api.w.org\/{rel}","templated":true}]}}