{"id":139,"date":"2019-04-23T11:46:03","date_gmt":"2019-04-23T11:46:03","guid":{"rendered":"http:\/\/okthemes.com\/sarasdemo\/?page_id=139"},"modified":"2026-04-12T19:47:42","modified_gmt":"2026-04-12T19:47:42","slug":"homepage","status":"publish","type":"page","link":"https:\/\/studioeditori.com\/vino\/","title":{"rendered":"Naslovna"},"content":{"rendered":"<p>[vc_row full_width=&#8221;stretch_row&#8221; css=&#8221;.vc_custom_1556185067265{padding-top: 8em !important;padding-bottom: 10em !important;background-color: #000000 !important;}&#8221;][vc_column]\n\t<blockquote style=\"color: #ffffff;\" class=\"gg-vc-quote font_size_small vc_custom_1757926185304\">\n\tPo\u0161tuj tradiciju. Sa\u010duvaj prirodu. Proizvedi vino koje istinski odra\u017eava kraj iz kojeg dolazi.\n\t<cite>Na\u0161a filozofija je jednostavna<\/cite>\n\t<\/blockquote>[vc_row_inner equal_height=&#8221;yes&#8221; content_placement=&#8221;middle&#8221; css=&#8221;.vc_custom_1556093058576{padding-top: 8em !important;}&#8221;][vc_column_inner width=&#8221;1\/2&#8243;][vc_single_image image=&#8221;4037&#8243; img_size=&#8221;full&#8221; css=&#8221;.vc_custom_1757926434893{margin-bottom: 0px !important;}&#8221;][\/vc_column_inner][vc_column_inner width=&#8221;1\/2&#8243; css=&#8221;.vc_custom_1556093129663{padding: 15% !important;background-color: #ffffff !important;}&#8221;]\n\t<div class=\"title-subtitle-box  \" style=\" text-align: left;\">\n\t\t<h1 style=\" font-style: normal;\" class=\"special-title\" >\n\t\t<span style=\"\">Okus i U\u017eitak<\/span>Vina s Mora<\/h1>\n\t\t<span class=\"gg-horizontal-line\"  ><\/span>\n\t\t<div class=\"box-description\"><p class=\"p1\"><i>Dobrodo\u0161li u Vinas Mora- vinariju koja se ra\u0111a iz povijesnih vinograda Primo\u0161tena i okolice, gdje kamenito tlo, mediteransko sunce, more i vjetar oblikuju jedinstven terroir.<\/i><\/p>\n<p class=\"p1\"><i>Ovdje, u kraju gdje tradicija susre\u017ee odr\u017eivost, njegujemo autohtonu sortu Babi\u0107, kao i druge lokalne sorte, uz duboko po\u0161tovanje prema zemlji, vinovoj lozi i stoljetnoj vinskoj ba\u0161tini.<\/i><\/p>\n<\/div>\n\t<\/div> [vc_empty_space][vc_btn title=&#8221;saznaj vi\u0161e&#8221; style=&#8221;flat&#8221; shape=&#8221;square&#8221; color=&#8221;black&#8221; link=&#8221;url:https%3A%2F%2Fstudioeditori.com%2Fvino%2Fvina-s-mora%2F|title:Vina%20S%20Mora&#8221;][\/vc_column_inner][\/vc_row_inner][\/vc_column][\/vc_row][vc_row full_width=&#8221;stretch_row&#8221; css=&#8221;.vc_custom_1776011800321{padding-top: 8em !important;padding-bottom: 10em !important;background-color: #f4f4f4 !important;}&#8221;][vc_column]\n\t<blockquote style=\"color: #0a0a0a;\" class=\"gg-vc-quote font_size_small vc_custom_1776011873964\">\n\tOkus mora na va\u0161em stolu.\n\t<cite>Svje\u017ea i kvalitetna spiza inspirirana Mediteranom.<\/cite>\n\t<\/blockquote>[vc_row_inner equal_height=&#8221;yes&#8221; content_placement=&#8221;middle&#8221; css=&#8221;.vc_custom_1556093058576{padding-top: 8em !important;}&#8221;][vc_column_inner width=&#8221;1\/2&#8243; css=&#8221;.vc_custom_1556093129663{padding: 15% !important;background-color: #ffffff !important;}&#8221;]\n\t<div class=\"title-subtitle-box  \" style=\" text-align: left;\">\n\t\t<h1 style=\" font-style: normal;\" class=\"special-title\" >\n\t\t<span style=\"\">Iskonski i ukusno<\/span>Spiza s Mora<\/h1>\n\t\t<span class=\"gg-horizontal-line\"  ><\/span>\n\t\t<div class=\"box-description\"><p data-start=\"137\" data-end=\"415\"><strong data-start=\"137\" data-end=\"153\">Spiza s mora<\/strong> donosi autenti\u010dne okuse Mediterana u svom naj\u010di\u0161\u0107em obliku. Pa\u017eljivo odabrane <strong data-start=\"232\" data-end=\"243\">masline<\/strong>, bogati <strong data-start=\"252\" data-end=\"273\">namazi od maslina<\/strong>, vrhunsko <strong data-start=\"284\" data-end=\"302\">maslinovo ulje<\/strong> i tradicionalno pripremljene <strong data-start=\"332\" data-end=\"348\">slane srdele<\/strong> predstavljaju spoj prirode, mora i stoljetne gastronomske ba\u0161tine.<\/p>\n<p data-start=\"417\" data-end=\"673\">Svaki proizvod iz linije Spiza s mora odra\u017eava jednostavnost i kvalitetu \u2013 bez suvi\u0161nih dodataka, s naglaskom na izvorni okus i prirodne sastojke. Idealno za sve koji cijene autenti\u010dnu mediteransku spizu, bilo na brodu, u domu ili u profesionalnoj kuhinji.<\/p>\n<p data-start=\"675\" data-end=\"725\"><strong data-start=\"675\" data-end=\"725\">Spiza s mora \u2013 okus Mediterana, \u010dist i iskren.<\/strong><\/p>\n<\/div>\n\t<\/div> [vc_empty_space][vc_btn title=&#8221;saznaj vi\u0161e&#8221; style=&#8221;flat&#8221; shape=&#8221;square&#8221; color=&#8221;black&#8221; link=&#8221;url:https%3A%2F%2Fstudioeditori.com%2Fvino%2Fspiza-s-mora%2F|title:Spiza%20S%20Mora&#8221;][\/vc_column_inner][vc_column_inner width=&#8221;1\/2&#8243;][vc_single_image image=&#8221;4101&#8243; img_size=&#8221;full&#8221; css=&#8221;.vc_custom_1776013013451{margin-bottom: 0px !important;background-position: center !important;background-repeat: no-repeat !important;background-size: cover !important;}&#8221;][\/vc_column_inner][\/vc_row_inner][\/vc_column][\/vc_row][vc_row full_width=&#8221;stretch_row&#8221; css=&#8221;.vc_custom_1776012905616{padding-top: 7em !important;background-color: #ffffff !important;}&#8221;][vc_column][vc_row_inner][vc_column_inner width=&#8221;1\/4&#8243;][\/vc_column_inner][vc_column_inner width=&#8221;1\/2&#8243;]\n\t<div class=\"title-subtitle-box  vc_custom_1757927338900\" style=\" text-align: center;\">\n\t\t<h1 style=\" font-style: normal;\" class=\"special-title\" >\n\t\t<span style=\"\">U\u017eivajte u okusu pravog vina<\/span>Na\u0161a vina<\/h1>\n\t\t<span class=\"gg-horizontal-line\"  ><\/span>\n\t\t<div class=\"box-description\"><p>Lorem ipsum dolor sit amet, consectetur adipiscing elit, sed do eiusmod tempor ut labore et dolore magna aliqua.<\/p>\n<\/div>\n\t<\/div> [\/vc_column_inner][vc_column_inner width=&#8221;1\/4&#8243;][\/vc_column_inner][\/vc_row_inner][vc_single_image image=&#8221;4098&#8243; img_size=&#8221;full&#8221;][vc_btn title=&#8221;VI\u0160E O VINIMA&#8221; style=&#8221;flat&#8221; shape=&#8221;square&#8221; color=&#8221;black&#8221; align=&#8221;center&#8221; link=&#8221;url:https%3A%2F%2Fstudioeditori.com%2Fvino%2Fvina-s-mora%2F|title:Vina%20S%20Mora&#8221;][\/vc_column][\/vc_row][vc_row full_width=&#8221;stretch_row&#8221; css=&#8221;.vc_custom_1556104692225{padding-top: 7em !important;padding-bottom: 7em !important;background-color: #000000 !important;}&#8221;][vc_column][vc_row_inner equal_height=&#8221;yes&#8221; content_placement=&#8221;middle&#8221;][vc_column_inner width=&#8221;1\/2&#8243; css=&#8221;.vc_custom_1556104916691{padding-right: 0px !important;}&#8221;][vc_single_image image=&#8221;4065&#8243; img_size=&#8221;full&#8221; css=&#8221;.vc_custom_1757932257825{margin-bottom: 0px !important;}&#8221;][\/vc_column_inner][vc_column_inner width=&#8221;1\/2&#8243; css=&#8221;.vc_custom_1556104716721{padding: 15% !important;background-color: #ffffff !important;}&#8221;]\n\t<div class=\"title-subtitle-box  \" style=\" text-align: left;\">\n\t\t<h1 style=\" font-style: normal;\" class=\"special-title\" >\n\t\t<span style=\"\">Vrhunski ambijent uz vrhunsko vino<\/span>Vina s mora \u2013 Ku\u0161aonica i vinoteka u Primo\u0161tenu<\/h1>\n\t\t<span class=\"gg-horizontal-line\"  ><\/span>\n\t\t<div class=\"box-description\"><p data-start=\"133\" data-end=\"328\">Smje\u0161tena u srcu Primo\u0161tena, na korak od vinograda koji su stolje\u0107ima oblikovali krajolik i \u017eivot ovoga kraja, ku\u0161aonica <strong data-start=\"254\" data-end=\"269\">Vina s mora<\/strong> nudi jedinstveno iskustvo upoznavanja dalmatinskih vina.<\/p>\n<p data-start=\"330\" data-end=\"630\">U ugodnom ambijentu mo\u017eete ku\u0161ati autohtone sorte poput <strong data-start=\"386\" data-end=\"396\">Babi\u0107a<\/strong>, koji je za\u0161titni znak primo\u0161tenskog vinogorja, ali i druga vina koja odi\u0161u mirisima i okusima Mediterana.<\/p>\n<\/div>\n\t<\/div> [vc_empty_space][vc_btn title=&#8221;saznaj vi\u0161e&#8221; style=&#8221;flat&#8221; shape=&#8221;square&#8221; color=&#8221;black&#8221; link=&#8221;url:https%3A%2F%2Fstudioeditori.com%2Fvino%2Fposjeti%2F|title:Ku%C5%A1aonica&#8221;][\/vc_column_inner][\/vc_row_inner][\/vc_column][\/vc_row][vc_row css=&#8221;.vc_custom_1556183888973{padding-top: 7em !important;padding-bottom: 7em !important;}&#8221;][vc_column]\n\t<div class=\"title-subtitle-box  vc_custom_1757930572447\" style=\" text-align: center;\">\n\t\t<h2 style=\" font-style: normal;\" class=\"special-title\" >\n\t\t<span style=\"\">Istra\u017eite<\/span>Zanimljivosti \/ novosti<\/h2>\n\t<\/div> \n\t<div class=\" vc-gg-blog-posts\">\n\t<div class=\"gg_posts_grid\">\n\t<ul  class=\"el-grid row \" data-layout-mode=\"fitRows\" data-pagination=\"none\">\n\t<li class=\"  isotope-item col-xs-12 col-sm-6 col-md-4 grid-cat-uncategorized \">\n\t\r\n<article id=\"post-3886\">\t\r\n\r\n\t\t        <div class=\"post-thumbnail\">\r\n            <a href=\"https:\/\/studioeditori.com\/vino\/promidzba-hrvatskih-zadruga-na-trzistu-kanade\/\">\r\n                <img loading=\"lazy\" decoding=\"async\" width=\"1400\" height=\"900\" src=\"https:\/\/studioeditori.com\/vino\/wp-content\/uploads\/2021\/02\/vijest1.jpg\" class=\"attachment-post-thumbnail size-post-thumbnail wp-post-image\" alt=\"\" srcset=\"https:\/\/studioeditori.com\/vino\/wp-content\/uploads\/2021\/02\/vijest1.jpg 1400w, https:\/\/studioeditori.com\/vino\/wp-content\/uploads\/2021\/02\/vijest1-300x193.jpg 300w, https:\/\/studioeditori.com\/vino\/wp-content\/uploads\/2021\/02\/vijest1-1024x658.jpg 1024w, https:\/\/studioeditori.com\/vino\/wp-content\/uploads\/2021\/02\/vijest1-768x494.jpg 768w\" sizes=\"auto, (max-width: 1400px) 100vw, 1400px\" \/>            <\/a>\r\n        <\/div><!-- .post-thumbnail -->\r\n        \r\n        <div class=\"post-content-wrapper\">\r\n\t        <header class=\"entry-header\">\r\n\t            <div class=\"entry-meta\"><span class=\"screen-reader-text\">Posted on<\/span> <a href=\"https:\/\/studioeditori.com\/vino\/promidzba-hrvatskih-zadruga-na-trzistu-kanade\/\" rel=\"bookmark\"><time class=\"entry-date published\" datetime=\"2025-09-08T17:33:06+00:00\">September 8, 2025<\/time><time class=\"updated\" datetime=\"2026-04-12T19:39:19+00:00\">April 12, 2026<\/time><\/a><\/div><h2 class=\"entry-title\"><a href=\"https:\/\/studioeditori.com\/vino\/promidzba-hrvatskih-zadruga-na-trzistu-kanade\/\" rel=\"bookmark\">Vino\u00a0Babi\u0107 iz Primo\u0161tena<\/a><\/h2>\t        <\/header><!-- .entry-header -->\r\n        <\/div>\r\n\r\n\r\n<\/article><!-- article -->\r\n\n\t<\/li>\n\t<li class=\"  isotope-item col-xs-12 col-sm-6 col-md-4 grid-cat-novosti \">\n\t\r\n<article id=\"post-3895\">\t\r\n\r\n\t\t        <div class=\"post-thumbnail\">\r\n            <a href=\"https:\/\/studioeditori.com\/vino\/pogledajte-film-o-vinskim-sortama\/\">\r\n                <img loading=\"lazy\" decoding=\"async\" width=\"1056\" height=\"800\" src=\"https:\/\/studioeditori.com\/vino\/wp-content\/uploads\/2025\/09\/IMG-20250723-WA0026-e1758476016546.jpg\" class=\"attachment-post-thumbnail size-post-thumbnail wp-post-image\" alt=\"\" srcset=\"https:\/\/studioeditori.com\/vino\/wp-content\/uploads\/2025\/09\/IMG-20250723-WA0026-e1758476016546.jpg 1056w, https:\/\/studioeditori.com\/vino\/wp-content\/uploads\/2025\/09\/IMG-20250723-WA0026-e1758476016546-300x227.jpg 300w, https:\/\/studioeditori.com\/vino\/wp-content\/uploads\/2025\/09\/IMG-20250723-WA0026-e1758476016546-1024x776.jpg 1024w, https:\/\/studioeditori.com\/vino\/wp-content\/uploads\/2025\/09\/IMG-20250723-WA0026-e1758476016546-768x582.jpg 768w\" sizes=\"auto, (max-width: 1056px) 100vw, 1056px\" \/>            <\/a>\r\n        <\/div><!-- .post-thumbnail -->\r\n        \r\n        <div class=\"post-content-wrapper\">\r\n\t        <header class=\"entry-header\">\r\n\t            <div class=\"entry-meta\"><span class=\"screen-reader-text\">Posted on<\/span> <a href=\"https:\/\/studioeditori.com\/vino\/pogledajte-film-o-vinskim-sortama\/\" rel=\"bookmark\"><time class=\"entry-date published\" datetime=\"2025-08-04T17:43:14+00:00\">August 4, 2025<\/time><time class=\"updated\" datetime=\"2025-09-21T17:35:28+00:00\">September 21, 2025<\/time><\/a><\/div><h2 class=\"entry-title\"><a href=\"https:\/\/studioeditori.com\/vino\/pogledajte-film-o-vinskim-sortama\/\" rel=\"bookmark\">Vino koje pri\u010da pri\u010du kamena i mora<\/a><\/h2>\t        <\/header><!-- .entry-header -->\r\n        <\/div>\r\n\r\n\r\n<\/article><!-- article -->\r\n\n\t<\/li>\n\t<li class=\"  isotope-item col-xs-12 col-sm-6 col-md-4 grid-cat-novosti \">\n\t\r\n<article id=\"post-3890\">\t\r\n\r\n\t\t        <div class=\"post-thumbnail\">\r\n            <a href=\"https:\/\/studioeditori.com\/vino\/kultura-pijenja-vina\/\">\r\n                <img loading=\"lazy\" decoding=\"async\" width=\"1600\" height=\"1067\" src=\"https:\/\/studioeditori.com\/vino\/wp-content\/uploads\/2025\/09\/1755681360224.jpg\" class=\"attachment-post-thumbnail size-post-thumbnail wp-post-image\" alt=\"\" srcset=\"https:\/\/studioeditori.com\/vino\/wp-content\/uploads\/2025\/09\/1755681360224.jpg 1600w, https:\/\/studioeditori.com\/vino\/wp-content\/uploads\/2025\/09\/1755681360224-300x200.jpg 300w, https:\/\/studioeditori.com\/vino\/wp-content\/uploads\/2025\/09\/1755681360224-1024x683.jpg 1024w, https:\/\/studioeditori.com\/vino\/wp-content\/uploads\/2025\/09\/1755681360224-768x512.jpg 768w, https:\/\/studioeditori.com\/vino\/wp-content\/uploads\/2025\/09\/1755681360224-1536x1024.jpg 1536w\" sizes=\"auto, (max-width: 1600px) 100vw, 1600px\" \/>            <\/a>\r\n        <\/div><!-- .post-thumbnail -->\r\n        \r\n        <div class=\"post-content-wrapper\">\r\n\t        <header class=\"entry-header\">\r\n\t            <div class=\"entry-meta\"><span class=\"screen-reader-text\">Posted on<\/span> <a href=\"https:\/\/studioeditori.com\/vino\/kultura-pijenja-vina\/\" rel=\"bookmark\"><time class=\"entry-date published\" datetime=\"2025-08-03T17:37:00+00:00\">August 3, 2025<\/time><time class=\"updated\" datetime=\"2025-09-21T17:35:10+00:00\">September 21, 2025<\/time><\/a><\/div><h2 class=\"entry-title\"><a href=\"https:\/\/studioeditori.com\/vino\/kultura-pijenja-vina\/\" rel=\"bookmark\">Umije\u0107e u\u017eivanja <br>u vinu<\/a><\/h2>\t        <\/header><!-- .entry-header -->\r\n        <\/div>\r\n\r\n\r\n<\/article><!-- article -->\r\n\n\t<\/li>\n\t<\/ul>\n\t<\/div>\n\t<\/div>[\/vc_column][\/vc_row][vc_row full_width=&#8221;stretch_row_content&#8221; css=&#8221;.vc_custom_1757934906246{background: #000000 url(https:\/\/studioeditori.com\/vino\/wp-content\/uploads\/2025\/09\/shop.jpg?id=4074) !important;background-position: center !important;background-repeat: no-repeat !important;background-size: cover !important;}&#8221;][vc_column][vc_row_inner css=&#8221;.vc_custom_1757934889089{background-position: 0 0 !important;background-repeat: no-repeat !important;}&#8221;][vc_column_inner width=&#8221;1\/2&#8243;][\/vc_column_inner][vc_column_inner width=&#8221;1\/2&#8243;][vc_empty_space height=&#8221;700px&#8221;][\/vc_column_inner][\/vc_row_inner][\/vc_column][\/vc_row][vc_row][vc_column][vc_empty_space height=&#8221;80px&#8221;][\/vc_column][\/vc_row][vc_row][vc_column width=&#8221;1\/2&#8243;][vc_column_text]<\/p>\n<div class=\"_tooltip\" title=\"\"><span class=\"naziv\">POLJOPRIVREDNA ZADRUGA MOTIKA <\/span><\/div>\n<div class=\"_tooltip\" title=\"\"><span class=\"naziv\">za poljoprivredu, trgovinu i ugostiteljstvo<\/span><\/div>\n<div>Splitska 83, Primo\u0161ten<\/div>\n<div>\n<p>Email: <a href=\"mailto:tastings.vinasmora@gmail.com\">tastings.vinasmora@gmail.com<\/a><\/p>\n<p>WhatsApp<span class=\"Apple-converted-space\">\u00a0 <\/span>+385993110181<\/p>\n<p><a href=\"https:\/\/g.co\/kgs\/bYgC3j8\">https:\/\/g.co\/kgs\/bYgC3j8<\/a><span class=\"Apple-converted-space\">\u00a0<\/span><\/p>\n<p><a href=\"https:\/\/www.instagram.com\/vinasmora?igsh=b21haXp1MHJmdDA1\">https:\/\/www.instagram.com\/vinasmora?igsh=b21haXp1MHJmdDA1<\/a><\/p>\n<p><a href=\"https:\/\/web.facebook.com\/spizasmora\/\">https:\/\/web.facebook.com\/spizasmora\/<\/a><\/div>\n<p>[\/vc_column_text][\/vc_column][vc_column width=&#8221;1\/2&#8243;][vc_gmaps link=&#8221;#E-8_JTNDaWZyYW1lJTIwc3JjJTNEJTIyaHR0cHMlM0ElMkYlMkZ3d3cuZ29vZ2xlLmNvbSUyRm1hcHMlMkZlbWJlZCUzRnBiJTNEJTIxMW0xOCUyMTFtMTIlMjExbTMlMjExZDIyNjQ4LjIyODQxMzY0NDU0JTIxMmQxNS45MzQzMjgxODk4NDcwODMlMjEzZDQzLjU3NDk5MTU0MjgxMDg5JTIxMm0zJTIxMWYwJTIxMmYwJTIxM2YwJTIxM20yJTIxMWkxMDI0JTIxMmk3NjglMjE0ZjEzLjElMjEzbTMlMjExbTIlMjExczB4MTMzNTIyOWI4MDFkZTJhYiUyNTNBMHhhYmMzNDk4NmI0MDcwNTEwJTIxMnNVbC4lMjUyMFNwbGl0c2thJTI1MjA4MyUyNTJDJTI1MjAyMjIwMiUyNTJDJTI1MjBQcmltbyUyNUM1JTI1QTF0ZW4lMjE1ZTAlMjEzbTIlMjExc2VuJTIxMnNociUyMTR2MTc1ODQ3ODAwNzM0MiUyMTVtMiUyMTFzZW4lMjEyc2hyJTIyJTIwd2lkdGglM0QlMjI2MDAlMjIlMjBoZWlnaHQlM0QlMjI0NTAlMjIlMjBzdHlsZSUzRCUyMmJvcmRlciUzQTAlM0IlMjIlMjBhbGxvd2Z1bGxzY3JlZW4lM0QlMjIlMjIlMjBsb2FkaW5nJTNEJTIybGF6eSUyMiUyMHJlZmVycmVycG9saWN5JTNEJTIybm8tcmVmZXJyZXItd2hlbi1kb3duZ3JhZGUlMjIlM0UlM0MlMkZpZnJhbWUlM0U=&#8221;][\/vc_column][\/vc_row]<\/p>\n","protected":false},"excerpt":{"rendered":"<p>[vc_row full_width=&#8221;stretch_row&#8221; css=&#8221;.vc_custom_1556185067265{padding-top: 8em !important;padding-bottom: 10em !important;background-color: #000000 !important;}&#8221;][vc_column][vc_row_inner equal_height=&#8221;yes&#8221; content_placement=&#8221;middle&#8221; css=&#8221;.vc_custom_1556093058576{padding-top: 8em !important;}&#8221;][vc_column_inner width=&#8221;1\/2&#8243;][vc_single_image image=&#8221;4037&#8243; img_size=&#8221;full&#8221; css=&#8221;.vc_custom_1757926434893{margin-bottom: 0px !important;}&#8221;][\/vc_column_inner][vc_column_inner width=&#8221;1\/2&#8243; css=&#8221;.vc_custom_1556093129663{padding: 15% !important;background-color: #ffffff !important;}&#8221;][vc_empty_space][vc_btn title=&#8221;saznaj vi\u0161e&#8221; style=&#8221;flat&#8221; shape=&#8221;square&#8221; color=&#8221;black&#8221; link=&#8221;url:https%3A%2F%2Fstudioeditori.com%2Fvino%2Fvina-s-mora%2F|title:Vina%20S%20Mora&#8221;][\/vc_column_inner][\/vc_row_inner][\/vc_column][\/vc_row][vc_row full_width=&#8221;stretch_row&#8221; css=&#8221;.vc_custom_1776011800321{padding-top: 8em !important;padding-bottom: 10em !important;background-color: #f4f4f4 !important;}&#8221;][vc_column][vc_row_inner equal_height=&#8221;yes&#8221; content_placement=&#8221;middle&#8221; css=&#8221;.vc_custom_1556093058576{padding-top: 8em !important;}&#8221;][vc_column_inner width=&#8221;1\/2&#8243; css=&#8221;.vc_custom_1556093129663{padding: 15% !important;background-color: #ffffff !important;}&#8221;][vc_empty_space][vc_btn title=&#8221;saznaj vi\u0161e&#8221; style=&#8221;flat&#8221; shape=&#8221;square&#8221;<\/p>\n<p class=\"more-link-wrapper\"><a class=\"btn btn-primary\" href=\"https:\/\/studioeditori.com\/vino\/kultura-pijenja-vina\/\">Read More<\/a><\/p>\n","protected":false},"author":1,"featured_media":0,"parent":0,"menu_order":0,"comment_status":"closed","ping_status":"closed","template":"","meta":{"_themeisle_gutenberg_block_has_review":false,"footnotes":""},"class_list":["post-139","page","type-page","status-publish","hentry","has_thumb"],"_links":{"self":[{"href":"https:\/\/studioeditori.com\/vino\/wp-json\/wp\/v2\/pages\/139","targetHints":{"allow":["GET"]}}],"collection":[{"href":"https:\/\/studioeditori.com\/vino\/wp-json\/wp\/v2\/pages"}],"about":[{"href":"https:\/\/studioeditori.com\/vino\/wp-json\/wp\/v2\/types\/page"}],"author":[{"embeddable":true,"href":"https:\/\/studioeditori.com\/vino\/wp-json\/wp\/v2\/users\/1"}],"replies":[{"embeddable":true,"href":"https:\/\/studioeditori.com\/vino\/wp-json\/wp\/v2\/comments?post=139"}],"version-history":[{"count":77,"href":"https:\/\/studioeditori.com\/vino\/wp-json\/wp\/v2\/pages\/139\/revisions"}],"predecessor-version":[{"id":4185,"href":"https:\/\/studioeditori.com\/vino\/wp-json\/wp\/v2\/pages\/139\/revisions\/4185"}],"wp:attachment":[{"href":"https:\/\/studioeditori.com\/vino\/wp-json\/wp\/v2\/media?parent=139"}],"curies":[{"name":"wp","href":"https:\/\/api.w.org\/{rel}","templated":true}]}}