{"id":149,"date":"2024-01-24T12:46:46","date_gmt":"2024-01-24T12:46:46","guid":{"rendered":"https:\/\/studioeditori.com\/zoda\/?post_type=product&#038;p=149"},"modified":"2024-02-19T08:48:29","modified_gmt":"2024-02-19T08:48:29","slug":"happy-vl-mar-dzepna-brusnica","status":"publish","type":"product","link":"https:\/\/studioeditori.com\/zoda\/proizvod\/happy-vl-mar-dzepna-brusnica\/","title":{"rendered":"HAPPY Vla\u017ena maramica &#8211; D\u017dEPNA BRUSNICA"},"content":{"rendered":"<p><b>Happy vla\u017ene maramice sa ekstraktom brusnice-Namijenjene su za \u010di\u0161\u010denje i njegu ko\u017ee. Posebno su meke i imaju veliku mo\u0107 upijanja. Dermatolo\u0161ki su testirane i ne sadr\u017ee paraben i alkohol. Prakti\u010dno d\u017eepno pakiranje 15\/1<\/b><\/p>\n","protected":false},"excerpt":{"rendered":"<p>Happy vla\u017ene maramice sa ekstraktom brusnice-Namijenjene su za \u010di\u0161\u010denje i njegu ko\u017ee. Posebno su meke i imaju veliku mo\u0107 upijanja. Dermatolo\u0161ki su testirane i ne sadr\u017ee paraben i alkohol. Prakti\u010dno d\u017eepno pakiranje 15\/1<\/p>\n","protected":false},"featured_media":150,"comment_status":"open","ping_status":"closed","template":"","meta":[],"product_brand":[],"product_cat":[27,26],"product_tag":[],"class_list":{"0":"post-149","1":"product","2":"type-product","3":"status-publish","4":"has-post-thumbnail","6":"product_cat-njega-i-kozmetika","7":"product_cat-vlazne-maramice","9":"first","10":"instock","11":"shipping-taxable","12":"purchasable","13":"product-type-simple"},"_links":{"self":[{"href":"https:\/\/studioeditori.com\/zoda\/wp-json\/wp\/v2\/product\/149","targetHints":{"allow":["GET"]}}],"collection":[{"href":"https:\/\/studioeditori.com\/zoda\/wp-json\/wp\/v2\/product"}],"about":[{"href":"https:\/\/studioeditori.com\/zoda\/wp-json\/wp\/v2\/types\/product"}],"replies":[{"embeddable":true,"href":"https:\/\/studioeditori.com\/zoda\/wp-json\/wp\/v2\/comments?post=149"}],"wp:featuredmedia":[{"embeddable":true,"href":"https:\/\/studioeditori.com\/zoda\/wp-json\/wp\/v2\/media\/150"}],"wp:attachment":[{"href":"https:\/\/studioeditori.com\/zoda\/wp-json\/wp\/v2\/media?parent=149"}],"wp:term":[{"taxonomy":"product_brand","embeddable":true,"href":"https:\/\/studioeditori.com\/zoda\/wp-json\/wp\/v2\/product_brand?post=149"},{"taxonomy":"product_cat","embeddable":true,"href":"https:\/\/studioeditori.com\/zoda\/wp-json\/wp\/v2\/product_cat?post=149"},{"taxonomy":"product_tag","embeddable":true,"href":"https:\/\/studioeditori.com\/zoda\/wp-json\/wp\/v2\/product_tag?post=149"}],"curies":[{"name":"wp","href":"https:\/\/api.w.org\/{rel}","templated":true}]}}