{"id":171,"date":"2024-01-30T14:47:25","date_gmt":"2024-01-30T14:47:25","guid":{"rendered":"https:\/\/studioeditori.com\/zoda\/?post_type=product&#038;p=171"},"modified":"2024-02-19T16:12:59","modified_gmt":"2024-02-19T16:12:59","slug":"happy-vl-mar-kamilica-30-1","status":"publish","type":"product","link":"https:\/\/studioeditori.com\/zoda\/proizvod\/happy-vl-mar-kamilica-30-1\/","title":{"rendered":"HAPPY vla\u017ene maramice kamilica 30\/1"},"content":{"rendered":"<p><b>Happy vla\u017ene maramice sa ekstraktom kamilice-Namijenjene su za \u010di\u0161\u010denje i njegu ko\u017ee. Posebno su meke i imaju veliku mo\u0107 upijanja. Dermatolo\u0161ki su testirane i ne sadr\u017ee paraben i alkohol. 30\/1<\/b><\/p>\n","protected":false},"excerpt":{"rendered":"<p>Happy vla\u017ene maramice sa ekstraktom kamilice-Namijenjene su za \u010di\u0161\u010denje i njegu ko\u017ee. Posebno su meke i imaju veliku mo\u0107 upijanja. Dermatolo\u0161ki su testirane i ne sadr\u017ee paraben i alkohol. 30\/1<\/p>\n","protected":false},"featured_media":185,"comment_status":"open","ping_status":"closed","template":"","meta":[],"product_brand":[],"product_cat":[26],"product_tag":[],"class_list":{"0":"post-171","1":"product","2":"type-product","3":"status-publish","4":"has-post-thumbnail","6":"product_cat-vlazne-maramice","8":"first","9":"instock","10":"shipping-taxable","11":"purchasable","12":"product-type-simple"},"_links":{"self":[{"href":"https:\/\/studioeditori.com\/zoda\/wp-json\/wp\/v2\/product\/171","targetHints":{"allow":["GET"]}}],"collection":[{"href":"https:\/\/studioeditori.com\/zoda\/wp-json\/wp\/v2\/product"}],"about":[{"href":"https:\/\/studioeditori.com\/zoda\/wp-json\/wp\/v2\/types\/product"}],"replies":[{"embeddable":true,"href":"https:\/\/studioeditori.com\/zoda\/wp-json\/wp\/v2\/comments?post=171"}],"wp:featuredmedia":[{"embeddable":true,"href":"https:\/\/studioeditori.com\/zoda\/wp-json\/wp\/v2\/media\/185"}],"wp:attachment":[{"href":"https:\/\/studioeditori.com\/zoda\/wp-json\/wp\/v2\/media?parent=171"}],"wp:term":[{"taxonomy":"product_brand","embeddable":true,"href":"https:\/\/studioeditori.com\/zoda\/wp-json\/wp\/v2\/product_brand?post=171"},{"taxonomy":"product_cat","embeddable":true,"href":"https:\/\/studioeditori.com\/zoda\/wp-json\/wp\/v2\/product_cat?post=171"},{"taxonomy":"product_tag","embeddable":true,"href":"https:\/\/studioeditori.com\/zoda\/wp-json\/wp\/v2\/product_tag?post=171"}],"curies":[{"name":"wp","href":"https:\/\/api.w.org\/{rel}","templated":true}]}}