{"id":264,"date":"2024-02-01T10:08:20","date_gmt":"2024-02-01T10:08:20","guid":{"rendered":"https:\/\/studioeditori.com\/zoda\/?post_type=product&#038;p=264"},"modified":"2024-02-19T16:05:33","modified_gmt":"2024-02-19T16:05:33","slug":"clean-floorex-sredstvo-za-ciscenje-svih-vrsta-podnih-povrsina-750ml","status":"publish","type":"product","link":"https:\/\/studioeditori.com\/zoda\/proizvod\/clean-floorex-sredstvo-za-ciscenje-svih-vrsta-podnih-povrsina-750ml\/","title":{"rendered":"Clean floorex sredstvo za \u010di\u0161\u0107enje svih vrsta podnih povr\u0161ina, 750ml"},"content":{"rendered":"<p><b>Proizvod je namijenjen za \u010di\u0107enje i odr\u017eavanje kerami\u010dkih, kamenih, lakiranih drvenih povr\u0161ina, PVC podova te linoleuma. Odli\u010dno uklanja masna zaprljanja, ubrzava su\u0161enje, a obra\u0111enim povr\u0161inama vra\u0107a prirodni sjaj. Stvara ugodnu mirisnu pjenu. Pakiranja mogu\u0107a: 750ml, 5 l ili 10l<\/b><\/p>\n","protected":false},"excerpt":{"rendered":"<p>Proizvod je namijenjen za \u010di\u0107enje i odr\u017eavanje kerami\u010dkih, kamenih, lakiranih drvenih povr\u0161ina, PVC podova te linoleuma. Odli\u010dno uklanja masna zaprljanja, ubrzava su\u0161enje, a obra\u0111enim povr\u0161inama vra\u0107a prirodni sjaj. Stvara ugodnu mirisnu pjenu. Pakiranja mogu\u0107a: 750ml, 5 l ili 10l<\/p>\n","protected":false},"featured_media":240,"comment_status":"open","ping_status":"closed","template":"","meta":[],"product_brand":[],"product_cat":[34,28],"product_tag":[],"class_list":{"0":"post-264","1":"product","2":"type-product","3":"status-publish","4":"has-post-thumbnail","6":"product_cat-akcija","7":"product_cat-kucanstvo-pribor-za-ciscenje","9":"first","10":"instock","11":"shipping-taxable","12":"purchasable","13":"product-type-simple"},"_links":{"self":[{"href":"https:\/\/studioeditori.com\/zoda\/wp-json\/wp\/v2\/product\/264","targetHints":{"allow":["GET"]}}],"collection":[{"href":"https:\/\/studioeditori.com\/zoda\/wp-json\/wp\/v2\/product"}],"about":[{"href":"https:\/\/studioeditori.com\/zoda\/wp-json\/wp\/v2\/types\/product"}],"replies":[{"embeddable":true,"href":"https:\/\/studioeditori.com\/zoda\/wp-json\/wp\/v2\/comments?post=264"}],"wp:featuredmedia":[{"embeddable":true,"href":"https:\/\/studioeditori.com\/zoda\/wp-json\/wp\/v2\/media\/240"}],"wp:attachment":[{"href":"https:\/\/studioeditori.com\/zoda\/wp-json\/wp\/v2\/media?parent=264"}],"wp:term":[{"taxonomy":"product_brand","embeddable":true,"href":"https:\/\/studioeditori.com\/zoda\/wp-json\/wp\/v2\/product_brand?post=264"},{"taxonomy":"product_cat","embeddable":true,"href":"https:\/\/studioeditori.com\/zoda\/wp-json\/wp\/v2\/product_cat?post=264"},{"taxonomy":"product_tag","embeddable":true,"href":"https:\/\/studioeditori.com\/zoda\/wp-json\/wp\/v2\/product_tag?post=264"}],"curies":[{"name":"wp","href":"https:\/\/api.w.org\/{rel}","templated":true}]}}