{"id":329,"date":"2024-02-01T14:23:33","date_gmt":"2024-02-01T14:23:33","guid":{"rendered":"https:\/\/studioeditori.com\/zoda\/?post_type=product&#038;p=329"},"modified":"2024-02-19T16:02:25","modified_gmt":"2024-02-19T16:02:25","slug":"tablete-za-pranje-posuda-bez-fosfata","status":"publish","type":"product","link":"https:\/\/studioeditori.com\/zoda\/proizvod\/tablete-za-pranje-posuda-bez-fosfata\/","title":{"rendered":"My Hero &#8211; TABLETE ZA PRANJE POSU\u0110A BEZ FOSFATA"},"content":{"rendered":"<p>Vi\u0161enamjenske tablete za perilicu posu\u0111a \u2013 rezultat su moderne tehnologije koja se temelji na kombiniranom djelovanju sredstava za poliranje, omek\u0161avanje i \u010di\u0161\u0107enje. Tablete u\u010dinkovito uklanjaju najtvrdokorniju prljav\u0161tinu i naslage ostavljaju\u0107i posu\u0111e \u010distim i sjajnim<\/p>\n<p><b>Funkcije tableta:<\/b> U\u010dinkovito peru \u010dak i na niskim temperaturama: uklanjaju tvrdokorne mrlje, zagorene mrlje, masno\u0107u, ostatke kave i \u010daja, daju efekt sjaja; posu\u0111e je sjajno, omek\u0161ava vodu, \u0161titi perilicu posu\u0111a \u2013 sprje\u010dava naslage kamenca, \u0161titi staklo \u2013 sprje\u010dava zatamnjenje staklenog posu\u0111a, \u0161titi \u010deli\u010dno posu\u0111e od korozije, ostavlja dugotrajan ugodan miris.<\/p>\n","protected":false},"excerpt":{"rendered":"<p>Vi\u0161enamjenske tablete za perilicu posu\u0111a \u2013 rezultat su moderne tehnologije koja se temelji na kombiniranom djelovanju sredstava za poliranje, omek\u0161avanje i \u010di\u0161\u0107enje. Tablete u\u010dinkovito uklanjaju najtvrdokorniju prljav\u0161tinu i naslage ostavljaju\u0107i posu\u0111e \u010distim i sjajnim Funkcije tableta: U\u010dinkovito peru \u010dak i na niskim temperaturama: uklanjaju tvrdokorne mrlje, zagorene mrlje, masno\u0107u, ostatke kave i \u010daja, daju efekt [&hellip;]<\/p>\n","protected":false},"featured_media":330,"comment_status":"open","ping_status":"closed","template":"","meta":[],"product_brand":[],"product_cat":[28],"product_tag":[],"class_list":{"0":"post-329","1":"product","2":"type-product","3":"status-publish","4":"has-post-thumbnail","6":"product_cat-kucanstvo-pribor-za-ciscenje","8":"first","9":"instock","10":"shipping-taxable","11":"purchasable","12":"product-type-simple"},"_links":{"self":[{"href":"https:\/\/studioeditori.com\/zoda\/wp-json\/wp\/v2\/product\/329","targetHints":{"allow":["GET"]}}],"collection":[{"href":"https:\/\/studioeditori.com\/zoda\/wp-json\/wp\/v2\/product"}],"about":[{"href":"https:\/\/studioeditori.com\/zoda\/wp-json\/wp\/v2\/types\/product"}],"replies":[{"embeddable":true,"href":"https:\/\/studioeditori.com\/zoda\/wp-json\/wp\/v2\/comments?post=329"}],"wp:featuredmedia":[{"embeddable":true,"href":"https:\/\/studioeditori.com\/zoda\/wp-json\/wp\/v2\/media\/330"}],"wp:attachment":[{"href":"https:\/\/studioeditori.com\/zoda\/wp-json\/wp\/v2\/media?parent=329"}],"wp:term":[{"taxonomy":"product_brand","embeddable":true,"href":"https:\/\/studioeditori.com\/zoda\/wp-json\/wp\/v2\/product_brand?post=329"},{"taxonomy":"product_cat","embeddable":true,"href":"https:\/\/studioeditori.com\/zoda\/wp-json\/wp\/v2\/product_cat?post=329"},{"taxonomy":"product_tag","embeddable":true,"href":"https:\/\/studioeditori.com\/zoda\/wp-json\/wp\/v2\/product_tag?post=329"}],"curies":[{"name":"wp","href":"https:\/\/api.w.org\/{rel}","templated":true}]}}