{"id":508,"date":"2024-02-17T12:46:37","date_gmt":"2024-02-17T12:46:37","guid":{"rendered":"https:\/\/studioeditori.com\/zoda\/?post_type=product&#038;p=508"},"modified":"2024-02-19T15:10:54","modified_gmt":"2024-02-19T15:10:54","slug":"bebi-vl-mar-kamilica-72-1","status":"publish","type":"product","link":"https:\/\/studioeditori.com\/zoda\/proizvod\/bebi-vl-mar-kamilica-72-1\/","title":{"rendered":"BEBI VL. MAR. KAMILICA 72\/1"},"content":{"rendered":"<p>Vla\u017ene maramice Bebi sa ekstraktom kamilice dermatolo\u0161ki su testirane, nje\u017eno \u010diste i njeguju bebinu ko\u017eu. Iznimno su mekane i nje\u017ene. Kamilica pru\u017ea za\u0161titu nje\u017enoj ko\u017ei, dok vla\u017ene maramice istovremeno \u010diste i osiguravaju vla\u017enost. Bez parabena i alkohola. 72\/1<\/p>\n","protected":false},"excerpt":{"rendered":"<p>Vla\u017ene maramice Bebi sa ekstraktom kamilice dermatolo\u0161ki su testirane, nje\u017eno \u010diste i njeguju bebinu ko\u017eu. Iznimno su mekane i nje\u017ene. Kamilica pru\u017ea za\u0161titu nje\u017enoj ko\u017ei, dok vla\u017ene maramice istovremeno \u010diste i osiguravaju vla\u017enost. Bez parabena i alkohola. 72\/1<\/p>\n","protected":false},"featured_media":0,"comment_status":"open","ping_status":"closed","template":"","meta":[],"product_brand":[],"product_cat":[27,26],"product_tag":[],"class_list":{"0":"post-508","1":"product","2":"type-product","3":"status-publish","5":"product_cat-njega-i-kozmetika","6":"product_cat-vlazne-maramice","8":"first","9":"instock","10":"shipping-taxable","11":"purchasable","12":"product-type-simple"},"_links":{"self":[{"href":"https:\/\/studioeditori.com\/zoda\/wp-json\/wp\/v2\/product\/508","targetHints":{"allow":["GET"]}}],"collection":[{"href":"https:\/\/studioeditori.com\/zoda\/wp-json\/wp\/v2\/product"}],"about":[{"href":"https:\/\/studioeditori.com\/zoda\/wp-json\/wp\/v2\/types\/product"}],"replies":[{"embeddable":true,"href":"https:\/\/studioeditori.com\/zoda\/wp-json\/wp\/v2\/comments?post=508"}],"wp:attachment":[{"href":"https:\/\/studioeditori.com\/zoda\/wp-json\/wp\/v2\/media?parent=508"}],"wp:term":[{"taxonomy":"product_brand","embeddable":true,"href":"https:\/\/studioeditori.com\/zoda\/wp-json\/wp\/v2\/product_brand?post=508"},{"taxonomy":"product_cat","embeddable":true,"href":"https:\/\/studioeditori.com\/zoda\/wp-json\/wp\/v2\/product_cat?post=508"},{"taxonomy":"product_tag","embeddable":true,"href":"https:\/\/studioeditori.com\/zoda\/wp-json\/wp\/v2\/product_tag?post=508"}],"curies":[{"name":"wp","href":"https:\/\/api.w.org\/{rel}","templated":true}]}}